{"id":27,"date":"2023-03-29T15:23:17","date_gmt":"2023-03-29T15:23:17","guid":{"rendered":"https:\/\/oscarayala.com\/escenificar\/?page_id=27"},"modified":"2023-11-14T17:23:16","modified_gmt":"2023-11-14T17:23:16","slug":"lecturas","status":"publish","type":"page","link":"https:\/\/oscarayala.com\/escenificar\/lecturas\/","title":{"rendered":"Lecturas"},"content":{"rendered":"\n<ol class=\"wp-block-list\">\n<li><a href=\"http:\/\/palabraclave.unisabana.edu.co\/index.php\/palabraclave\/issue\/view\/224\" target=\"_blank\" rel=\"noreferrer noopener\">Revista Palabra Clave Vol. 18, N\u00fa, 4 (2015)<\/a> <em>Ecolog\u00eda de Medios<\/em><\/li>\n\n\n\n<li><a href=\"http:\/\/laberintodelaidentidad.blogspot.com\/2018\/09\/los-limites-de-la-tecnologia.html\" target=\"_blank\" rel=\"noreferrer noopener\">Los l\u00edmites de la tecnolog\u00eda.<\/a> Entrada en el blog <em>El laberinto de la identidad&nbsp;<\/em>de Fernando Broncano.<\/li>\n\n\n\n<li><a href=\"http:\/\/laberintodelaidentidad.blogspot.com\/2018\/09\/sujeto-agencia-tecnologia.html\" target=\"_blank\" rel=\"noreferrer noopener\">Sujeto, agencia, tecnolog\u00eda.<\/a> Entrada en el blog <em>El laberinto de la identidad <\/em>de Fernando Broncano.<\/li>\n\n\n\n<li><a href=\"http:\/\/laberintodelaidentidad.blogspot.com\/2018\/10\/cansado-del-transhumanismo-otra.html\" target=\"_blank\" rel=\"noreferrer noopener\">\u00bfCansado de transhumanismo? Otra tecnolog\u00eda es posible.<\/a> Entrada en el blog&nbsp;<em>El laberinto de la identidad <\/em>de Fernando Broncano.<\/li>\n\n\n\n<li><a href=\"https:\/\/www.nytimes.com\/es\/2018\/11\/03\/discurso-de-odio-internet\/?emc=edit_bn_20181106&amp;nl=boletin&amp;nlid=7438100120181106&amp;te=1\" target=\"_blank\" rel=\"noreferrer noopener\">El internet ser\u00e1 nuestra perdici\u00f3n.<\/a> Frank Bruni. The New York Times. 03 NOV 2018.<\/li>\n\n\n\n<li><a href=\"https:\/\/hipermediaciones.com\/2017\/06\/24\/la-furia-de-las-imagenes\/\" target=\"_blank\" rel=\"noreferrer noopener\">La furia de las im\u00e1genes. La posfotograf\u00eda seg\u00fan Fontcuberta (I)<\/a>. Entrada en el blog <em>Hipermediaciones<\/em> de Carlos A. Scolari<\/li>\n\n\n\n<li><a href=\"https:\/\/hipermediaciones.com\/2017\/07\/16\/la-furia-de-las-imagenes-la-postfotografia-segun-fontcuberta-ii\/\" target=\"_blank\" rel=\"noreferrer noopener\">La furia de las im\u00e1genes. La posfotograf\u00eda seg\u00fan Fontcuberta (II).<\/a>&nbsp;Entrada en el blog <em>Hipermediaciones<\/em> de Carlos A. Scolari.<\/li>\n\n\n\n<li><a href=\"http:\/\/laberintodelaidentidad.blogspot.com\/2019\/09\/el-tiempo-de-la-revolucion.html\" target=\"_blank\" rel=\"noreferrer noopener\">El tiempo de la revoluci\u00f3n.<\/a> Entrada en el blog <em>El laberinto de la identidad<\/em>&nbsp;de Fernando Broncano.<\/li>\n\n\n\n<li><a href=\"https:\/\/www.nytimes.com\/es\/2019\/12\/01\/espanol\/opinion\/un-nuevo-canon-cultural-en-diez-objetos.html\" target=\"_blank\" rel=\"noreferrer noopener\">Un nuevo canon cultural en diez objetos.<\/a> Jorge Carri\u00f3n. The New York Times. 01 DEC 2019.<\/li>\n\n\n\n<li><a href=\"https:\/\/signalab.mx\/2020\/04\/13\/eros-y-tanatos-rutas-gps-post-coronavirus\/\" target=\"_blank\" rel=\"noreferrer noopener\">Eros y T\u00e1natos: Rutas GPS postcoronarivus<\/a>. Eliseo R. Co\u00f3n Zayas. Signalab.<\/li>\n\n\n\n<li><a href=\"https:\/\/hipermediaciones.com\/2020\/04\/22\/relato_perdido\/\" target=\"_blank\" rel=\"noreferrer noopener\">En busca del relato perdido<\/a>. Entrada al blog <em>Hipermediaciones <\/em>de Carlos A. Scolari.&nbsp;<\/li>\n\n\n\n<li><a href=\"https:\/\/www.eltiempo.com\/mundo\/latinoamerica\/extraterrestres-en-ecuador-el-programa-de-radio-que-dejo-muertos-en-quito-495224\" target=\"_blank\" rel=\"noreferrer noopener\">&#8216;E<\/a><a href=\"https:\/\/www.eltiempo.com\/mundo\/latinoamerica\/extraterrestres-en-ecuador-el-programa-de-radio-que-dejo-muertos-en-quito-495224\" target=\"_blank\" rel=\"noreferrer noopener\">xtraterrestres en Ecuador&#8217;: la noticia por radio que caus\u00f3 tragedia<\/a>. Juan Manuel Fl\u00f3rez Arias. El Tiempo. 14 MAY 2020.<\/li>\n\n\n\n<li><a href=\"https:\/\/www.perfil.com\/noticias\/periodismopuro\/cyril-lemieux-los-medios-pueden-crear-preocupaciones-pero-no-opiniones.phtml?rd=1\" target=\"_blank\" rel=\"noreferrer noopener\">Cyril Lemieux: \u00abLos medios pueden crear preocupaciones pero no opiniones\u00bb<\/a>. Entrevista publicada en Perfil. 03 OCT 2020.<\/li>\n\n\n\n<li><a href=\"https:\/\/www.nytimes.com\/es\/2020\/10\/25\/espanol\/opinion\/ayudar-librerias.html\" target=\"_blank\" rel=\"noreferrer noopener\">En defensa del papel, el aula y la memoria<\/a>. Jorge Carri\u00f3n. The New York Times. 25 OCT 2020.<\/li>\n\n\n\n<li><a href=\"https:\/\/chachara.org\/vivan-los-libres\/\" target=\"_blank\" rel=\"noreferrer noopener\">\u00a1Vivan los librEs! Mart\u00edn Caparr\u00f3s<\/a>. Chachara.org. 28 OCT 2020.<\/li>\n\n\n\n<li><a href=\"https:\/\/www.publico.pt\/2020\/11\/05\/opiniao\/opiniao\/4-fetichismo-tecnologia-1937871\" target=\"_blank\" rel=\"noreferrer noopener\">O fetichismo da tecnologia.<\/a> Columna de opini\u00f3n de David Justino en P\u00fablico. 5 NOV 2020.<\/li>\n\n\n\n<li><a href=\"http:\/\/laberintodelaidentidad.blogspot.com\/2020\/11\/etica-de-los-objetos.html\" target=\"_blank\" rel=\"noreferrer noopener\">\u00c9tica de los objetos<\/a>. Entrada en el blog <em>El laberinto de la identidad<\/em> de Fernando Broncano.<\/li>\n\n\n\n<li><a href=\"http:\/\/laberintodelaidentidad.blogspot.com\/2021\/01\/lo-tangible-e-intangible.html\" target=\"_blank\" rel=\"noreferrer noopener\">Lo tangible y lo intangible.<\/a> Entrada en el blog <em>El laberinto de la identidad <\/em>de Fernando Broncano.<\/li>\n\n\n\n<li><a href=\"https:\/\/laberintodelaidentidad.blogspot.com\/2021\/01\/fragilidad-del-algoritmo.html\" target=\"_blank\" rel=\"noreferrer noopener\">Fragilidad del algoritmo<\/a>. Entrada en el blog&nbsp;<em>El laberinto de la identidad <\/em>de Fernando Broncano.<\/li>\n\n\n\n<li>Entrevista. <a href=\"https:\/\/www.perfil.com\/noticias\/amp\/periodismopuro\/aza-raskina-medida-que-las-computadoras-se-vuelven-mas-inteligentes-los-humanos-se-tornan-mas-tontos.phtml?__twitter_impression=true&amp;s=08\" target=\"_blank\" rel=\"noreferrer noopener\">Aza Raskin: \u00abA medida que las computadoras se vuelven m\u00e1s inteligentes, los humanos se tornan m\u00e1s tontos\u00bb.<\/a> Jorge Fontevecchia. Perfil.<\/li>\n\n\n\n<li><a href=\"https:\/\/www.filmaffinity.com\/es\/film716571.html\" target=\"_blank\" rel=\"noreferrer noopener\">Lo and Behold, Reveries of the Connected World<\/a>. (2016). Werner Herzog.<\/li>\n\n\n\n<li><a href=\"https:\/\/www.podiumpodcast.com\/solaris\/\" target=\"_blank\" rel=\"noreferrer noopener\">Solaris. Ensayos sonoros<\/a>. Jorge Carri\u00f3n. Podium Podcast.&nbsp;<\/li>\n\n\n\n<li><a href=\"https:\/\/hipermediaciones.com\/2021\/11\/01\/metaverso-hacia-la-interfaz-total\/\" target=\"_blank\" rel=\"noreferrer noopener\">Metaverso: \u00bfhacia la interfaz total?<\/a>&nbsp;Entrada en el blog <em>Hipermediaciones<\/em>&nbsp;de Carlos A. Scolari.<\/li>\n\n\n\n<li><a href=\"https:\/\/laberintodelaidentidad.blogspot.com\/2022\/01\/pensar-con-las-cosas.html\">Pensar con las cosas.<\/a> Entrada al blog <em>Laberinto de la identidad <\/em>de Fernando Broncano.<\/li>\n\n\n\n<li><a href=\"https:\/\/laberintodelaidentidad.blogspot.com\/2022\/01\/tres-clases-de-determinismo-tecnologico.html\">Tres clases de determinismo tecnol\u00f3gico.<\/a> Entrada en el blog <em>Laberinto de la identidad<\/em> de Fernando Broncano.<\/li>\n\n\n\n<li><a href=\"https:\/\/laberintodelaidentidad.blogspot.com\/2022\/02\/la-selva-del-desacuerdo-redes-y.html\">La selva del desacuerdo: redes y determinismo tecnol\u00f3gico<\/a>. Entrada en el blog <em>Laberinto de la identidad<\/em>&nbsp;de Fernando Broncano.<\/li>\n\n\n\n<li><a href=\"https:\/\/www.nytimes.com\/es\/2022\/02\/11\/espanol\/airtag-gps-rastreo-ubicacion.html?campaign_id=42&amp;emc=edit_bn_20220215&amp;instance_id=53184&amp;nl=el-times&amp;regi_id=74381001&amp;segment_id=82770&amp;te=1&amp;user_id=193eafc79322cdb3ef0cd8173cb49bf2\" target=\"_blank\" rel=\"noreferrer noopener\">Us\u00e9 AirTags, Tiles y un rastreador GPS para ver cada movimiento de mi esposo.<\/a>&nbsp;Kashmir Hill. The New York Times. 11 FEB 2022.<\/li>\n\n\n\n<li><a href=\"https:\/\/laberintodelaidentidad.blogspot.com\/2022\/02\/marcuse-y-habermas-sobre-la-tecnica.html\" target=\"_blank\" rel=\"noreferrer noopener\">Marcuse y Habermas sobre la t\u00e9cnica<\/a>. Entrada en el blog <em>Laberinto de la identidad&nbsp;<\/em>de Fernando Broncano.<\/li>\n\n\n\n<li><a href=\"https:\/\/www.publico.pt\/2022\/03\/06\/opiniao\/cronica\/shitposting-tempos-colera-1997464\" target=\"_blank\" rel=\"noreferrer noopener\"><em>Shitposting<\/em> em tempos de c\u00f3lera.<\/a> Rog\u00e9rio Casanova. P\u00fablico. 6 MAR 2022.<\/li>\n\n\n\n<li><a href=\"https:\/\/www.youtube.com\/playlist?list=PLUmzokvLcW78b0UP55dMjGwOGbr1zsrnQ\" target=\"_blank\" rel=\"noreferrer noopener\">Seminario \u00abImagen-Creci\u00f3n y Pol\u00edtica\u00bb<\/a>. Juan Carlos Arias. Organiza Instituto Taller de Creaci\u00f3n, Facultad de Artes, Universidad Nacional de Colombia. 2022<\/li>\n\n\n\n<li><a href=\"https:\/\/www.nytimes.com\/es\/2023\/01\/08\/espanol\/fotos-internet-nube.html?campaign_id=42&amp;emc=edit_bn_20230113&amp;instance_id=82572&amp;nl=el-times&amp;regi_id=74381001&amp;segment_id=122388&amp;te=1&amp;user_id=193eafc79322cdb3ef0cd8173cb49bf2\" target=\"_blank\" rel=\"noreferrer noopener\">Son tus recuerdos, pero ellos los guardan en su nube<\/a>. Kashmir Hill. The New York Times. 08 ENE 2023.&nbsp;<\/li>\n\n\n\n<li><a rel=\"noreferrer noopener\" href=\"https:\/\/www.nytimes.com\/es\/2023\/01\/17\/espanol\/opinion\/bitcoin-caida.html?campaign_id=42&amp;emc=edit_bn_20230124&amp;instance_id=83496&amp;nl=el-times&amp;regi_id=74381001&amp;segment_id=123347&amp;te=1&amp;user_id=193eafc79322cdb3ef0cd8173cb49bf2\" target=\"_blank\">Un consejo de un profesor de finanzas: no pierdas tu tiempo con las criptomonedas.<\/a> Mihir A. Desai. The New York Times. 17 ENE 2023. <\/li>\n\n\n\n<li><a href=\"https:\/\/www.microsiervos.com\/archivo\/tecnologia\/historia-tecnologia-largo-plazo-infografia-max-roser.html\">La historia de la tecnolog\u00eda a largo plazo en una infograf\u00eda de Max Roser<\/a>. Entrada en el blog <em>Microsiervos.<\/em> 18 ABR 2023.<\/li>\n\n\n\n<li><a href=\"https:\/\/www.microsiervos.com\/archivo\/libros\/mr-internet-libro-tecnologia-genero.html\">Mr. Internet, un libro sobre la relaci\u00f3n entre tecnolog\u00eda y g\u00e9nero y c\u00f3mo te afecta a ti, sea cual sea tu g\u00e9nero<\/a>. Entrada en el blog <em>Microsiervos.<\/em> 13 NOV 2023.<\/li>\n<\/ol>\n\n\n\n<hr class=\"wp-block-separator has-alpha-channel-opacity\"\/>\n\n\n\n<ol class=\"wp-block-list\">\n<li>\u00a1<a href=\"https:\/\/www.elespectador.com\/opinion\/estudien-vagos-columna-751332\" target=\"_blank\" rel=\"noreferrer noopener\">Estudien vagos!&nbsp;<\/a>Columna de opini\u00f3n Tatiana Acevedo Guerrero. El Espectador, 22 ABR 2018.<\/li>\n\n\n\n<li><a href=\"https:\/\/www.eltiempo.com\/cultura\/musica-y-libros\/los-colombianos-no-somos-deshonestos-nos-creemos-que-lo-somos-341278\" target=\"_blank\" rel=\"noreferrer noopener\">La transmisi\u00f3n de la violencia desborda las redes sociales<\/a>. Simon Granja Mat\u00edas, El Tiempo, 24 MAR 2019<\/li>\n\n\n\n<li><a href=\"https:\/\/www.eltiempo.com\/vida\/salud\/los-cachos-ya-no-son-lo-que-eran-341288\" target=\"_blank\" rel=\"noreferrer noopener\">Los cachos ya no son lo que eran.<\/a> Julia Alegre Barriendo. El Tiempo, 24 MAR 2019&nbsp;<\/li>\n\n\n\n<li><a href=\"https:\/\/www.elespectador.com\/noticias\/educacion\/tradicion-tabus-y-religion-asi-fracaso-la-educacion-sexual-en-colombia-articulo-846703\" target=\"_blank\" rel=\"noreferrer noopener\">Tradici\u00f3n, tab\u00fas y religi\u00f3n: as\u00ed fracas\u00f3 la educaci\u00f3n sexual en Colombia<\/a>. Sergio Silva Numa, El Espectador, 25 MAR 2019<\/li>\n\n\n\n<li><a href=\"https:\/\/www.elespectador.com\/opinion\/eco-turismo-extractivista-columna-848494\" target=\"_blank\" rel=\"noreferrer noopener\">\u00abEco\u00bb turismo extractivista.<\/a> Columna de opini\u00f3n Brigitte LG Baptiste. El Espectador, 4 ABR 2019<\/li>\n\n\n\n<li><a href=\"https:\/\/www.imdb.com\/title\/tt3983674\/\" target=\"_blank\" rel=\"noreferrer noopener\">The mask you live in (2015)<\/a>. Documental dirigido por Jennifer Siebel Newsom.<\/li>\n\n\n\n<li><a href=\"https:\/\/dangamboa.com\/blog\/2019\/07\/21\/5402\" target=\"_blank\" rel=\"noreferrer noopener\">Hay mochileros pidiendo dinero para viajar. Y s\u00ed, tenemos que hablar de eso<\/a>. Entrada en el Blog de Dan Gamboa, 21 JUL 2019.<\/li>\n\n\n\n<li><a href=\"https:\/\/www.nytimes.com\/es\/2019\/07\/19\/influencers-influentes-youtubers-instagram\/?rref=collection%2Fsectioncollection%2Fnyt-es&amp;action=click&amp;contentCollection=kevin-roose&amp;region=stream&amp;module=stream_unit&amp;version=latest&amp;contentPlacement=1&amp;pgtype=undefined\" target=\"_blank\" rel=\"noreferrer noopener\">Las personas influyentes en redes est\u00e1n adue\u00f1\u00e1ndose del mundo<\/a>. Kevin Roose. The New York Times. 19 JUL 2019.<\/li>\n\n\n\n<li><a href=\"https:\/\/www.enestosdias.com.ar\/4447-la-gestion-de-las-epidemias-como-un-reflejo-de-la-soberania-politica?fbclid=IwAR3P38d87IkO54GiV86-RNazoxfxdmY3-bPDOmgHn4rVQ8CitZA0U1QV0AQ\" target=\"_blank\" rel=\"noreferrer noopener\">La gesti\u00f3n de las epidemias como un reflejo de la soberan\u00eda pol\u00edtica<\/a>. Paul Preciado. En estos d\u00edas. 29 MAR 2020.<\/li>\n\n\n\n<li><a href=\"https:\/\/main-elespectador-caracoltv.content.pugpig.com\/2020\/04\/29\/errores-ecologicos-i\/pugpig_index.html\">Errores ecol\u00f3gicos (I<\/a>). Columna de opini\u00f3n de Brigitte LG Baptiste. El Espectador, 30 ABR 2020.&nbsp;<\/li>\n\n\n\n<li><a href=\"https:\/\/www.eltiempo.com\/opinion\/columnistas\/juan-esteban-constain\/nuevos-milenaristas-columna-de-juan-esteban-constain-495164\" target=\"_blank\" rel=\"noreferrer noopener\">Nuevos melienaristas<\/a>. Columna de opini\u00f3n de Juan Esteb\u00e1n Constain. El Tiempo, 14 MAY 2020.&nbsp;<\/li>\n\n\n\n<li><a href=\"http:\/\/unperiodico.unal.edu.co\/especialcovid\/index.php?id=5&amp;tx_news_pi1%5Bnews%5D=14&amp;tx_news_pi1%5Bcontroller%5D=News&amp;tx_news_pi1%5Baction%5D=detail&amp;cHash=df13b5926c2ad79e93a3e072f62a7548\" target=\"_blank\" rel=\"noreferrer noopener\">Pospandemia en educaci\u00f3n superior: retos, crisis y promesas.<\/a>&nbsp;Centro de Pensamiento en Pol\u00edticas P\u00fablicas de Educaci\u00f3n Superior. Art\u00edculo publicado en el UN Peri\u00f3dico. 09 JUL 2020.<\/li>\n\n\n\n<li><a href=\"https:\/\/blogs.publico.es\/dominiopublico\/34928\/universidad-jaque-mate\/?fbclid=IwAR1I0_JLWV-VTFBVCfL8cvXCk2CM6S5KG6bnPxUTKC98a9myruqLbTkwgG8\" target=\"_blank\" rel=\"noreferrer noopener\">Universidad: jaque mate.<\/a> Columna de opici\u00f3n de Carlos Fern\u00e1nez Liria. P\u00fablico, 27 OCT 2020.&nbsp;<\/li>\n\n\n\n<li><a href=\"https:\/\/laberintodelaidentidad.blogspot.com\/2021\/01\/cuestion-de-tiempo.html\" target=\"_blank\" rel=\"noreferrer noopener\">Cuesti\u00f3n de tiempo<\/a>. Entrada en el blog <em>El laberinto de la identidad&nbsp;<\/em>de Fernando Broncano.<\/li>\n\n\n\n<li><a href=\"http:\/\/laberintodelaidentidad.blogspot.com\/2021\/01\/la-escala-humana.html\" target=\"_blank\" rel=\"noreferrer noopener\">La escala humana.<\/a>&nbsp;Entrada en el blog <em>El laberitno de la identidad<\/em>&nbsp;de Fernando Broncano.&nbsp;<\/li>\n\n\n\n<li><a href=\"https:\/\/www.nytimes.com\/es\/2021\/02\/20\/espanol\/preta-rara-trabajo-domestico-brasil.html?campaign_id=42&amp;emc=edit_bn_20210305&amp;instance_id=27741&amp;nl=el-times&amp;regi_id=74381001&amp;segment_id=52831&amp;te=1&amp;user_id=193eafc79322cdb3ef0cd8173cb49bf2\" target=\"_blank\" rel=\"noreferrer noopener\">Preta Rara, la empleada dom\u00e9stica que se convirti\u00f3 en una estrella que combate el racismo en Brasil<\/a>. Ernesto Londo\u00f1o. The New York Times, 20 FEB 2021<\/li>\n\n\n\n<li><a href=\"https:\/\/campoderelampagos.org\/critica-y-reviews\/2\/5\/2021\" target=\"_blank\" rel=\"noreferrer noopener\">Procesos de desmaterializaci\u00f3n<\/a>. Alberto Pe\u00f1\u00edn. Campo de rel\u00e1mpagos. 02 MAY 2021<\/li>\n\n\n\n<li><a href=\"https:\/\/www.elperiferico.com\/la-intolerancia-como-gasolina-politica\/\" target=\"_blank\" rel=\"noreferrer noopener\">La intolerancia como gasolina pol\u00edtica<\/a>. Tarek Abdo. El Perif\u00e9rico. (s.f.)<\/li>\n\n\n\n<li><a href=\"https:\/\/socratico.org\/artculos\/no-mires-arriba-sino-a-la-derecha-cnica?s=08\">No mires arriba sino a la derecha c\u00ednica<\/a>. Art\u00edculo de Tom\u00e1s Molina publicado en <a href=\"https:\/\/socratico.org\/\">Socr\u00e1tico<\/a>.<\/li>\n\n\n\n<li><a href=\"https:\/\/www.eltiempo.com\/opinion\/columnistas\/juan-esteban-constain\/mucho-pedir-columna-de-juan-esteban-constain-650596\" target=\"_blank\" rel=\"noreferrer noopener\">Mucho pedir<\/a>. Columna de opini\u00f3n de Juan Esteban Constain. El Tiempo. 09 FEB 2022<\/li>\n\n\n\n<li><a href=\"https:\/\/cerosetenta.uniandes.edu.co\/54317-2\/?s=09\" target=\"_blank\" rel=\"noreferrer noopener\">Marymount: analfabetismo sexual, clase social y colegios privados.<\/a>&nbsp;Columna de opini\u00f3n de Lucas Ospina. Cero Setenta. 10 MAR 2022.&nbsp;<\/li>\n\n\n\n<li><a href=\"https:\/\/www.publico.pt\/2022\/03\/20\/opiniao\/cronica\/s-klopp-vivendo-sociedade-1999125\" target=\"_blank\" rel=\"noreferrer noopener\">S. Klopp, vivendo numa sociedade<\/a>. Rog\u00e9rio Casanova. P\u00fablico. 20 MAR 2022.<\/li>\n\n\n\n<li><a href=\"https:\/\/www.nytimes.com\/es\/2022\/04\/11\/espanol\/opinion\/guerra-rusia-globalizacion.html?campaign_id=42&amp;emc=edit_bn_20220412&amp;instance_id=58235&amp;nl=el-times&amp;regi_id=74381001&amp;segment_id=88187&amp;te=1&amp;user_id=193eafc79322cdb3ef0cd8173cb49bf2\" target=\"_blank\" rel=\"noreferrer noopener\">La globalizaci\u00f3n ha terminado. Han empezado las guerras culturales globales.<\/a>&nbsp;David Brooks. The New York Times. 11 ABR 2022.<\/li>\n\n\n\n<li><a href=\"https:\/\/www.nytimes.com\/es\/2021\/10\/25\/espanol\/escasez-mundial-cadena-suministro.html?campaign_id=42&amp;emc=edit_bn_20220412&amp;instance_id=58235&amp;nl=el-times&amp;regi_id=74381001&amp;segment_id=88187&amp;te=1&amp;user_id=193eafc79322cdb3ef0cd8173cb49bf2\" target=\"_blank\" rel=\"noreferrer noopener\">\u00bfPor qu\u00e9 hay tanta escasez de mercanc\u00edas?<\/a> Peter S. Goodman. The New York Times. 25 OCT 2021.<\/li>\n\n\n\n<li><a href=\"https:\/\/www.microsiervos.com\/archivo\/opinion\/nuestros-datos-algoritmos-sometimiento-leyes.html\" target=\"_blank\" rel=\"noreferrer noopener\">Nuestros datos personales, los algoritmos que los manejan y el sometimiento a las leyes<\/a>. Entrada en el blog Microsiervos.<\/li>\n\n\n\n<li><a href=\"https:\/\/www.nationalgeographic.es\/video\/tv\/brain-games\" target=\"_blank\" rel=\"noreferrer noopener\">Juegos Mentales (Brain Games).<\/a> (2011). Serie documental de&nbsp;National Geographic Channel.<\/li>\n\n\n\n<li><a href=\"https:\/\/volcanicas.com\/el-terfismo-en-america-latina-un-borrado-historico-de-las-personas-trans-parte-1\/\" target=\"_blank\" rel=\"noreferrer noopener\">El terfismo en Am\u00e9rica Latina: un borrado hist\u00f3rico de las personas trans \/ Parte 1<\/a>. 24 OCT 2022. Volc\u00e1nicas<\/li>\n\n\n\n<li><a href=\"https:\/\/volcanicas.com\/el-terfismo-en-america-latina-un-borrado-historico-de-las-personas-trans-parte-2\/\" target=\"_blank\" rel=\"noreferrer noopener\">El terfismo en Am\u00e9rica Latina: un borrado hist\u00f3rico de las personas trans \/ Parte 2<\/a>. 25 OCT 2022. Volc\u00e1nicas.<\/li>\n<\/ol>\n\n\n\n<hr class=\"wp-block-separator has-alpha-channel-opacity\"\/>\n\n\n\n<ol class=\"wp-block-list\">\n<li><a href=\"https:\/\/youtu.be\/aB7r6hdo3W4\" target=\"_blank\" rel=\"noreferrer noopener\">Performance colectivo Las Tesis \u00abUn violador en tu camino\u00bb<\/a>. Colectivo Registro Callejero. 26 NOV 2019.<\/li>\n\n\n\n<li><a href=\"https:\/\/campoderelampagos.org\/critica-y-reviews\/5\/5\/2021\" target=\"_blank\" rel=\"noreferrer noopener\">Las palabras sin las cosas<\/a>. Mar\u00eda Virginia Jaua. Campo de rel\u00e1mpagos. 09 MAY 2021.&nbsp;<\/li>\n\n\n\n<li><a href=\"https:\/\/laberintodelaidentidad.blogspot.com\/2021\/12\/dulzuras-del-capital.html\" target=\"_blank\" rel=\"noreferrer noopener\">Dulzuras del capital.<\/a> Entrada en el blog <em>El laberinto de la identidad<\/em> de Fernando Broncano.<\/li>\n\n\n\n<li><a href=\"https:\/\/laberintodelaidentidad.blogspot.com\/2022\/04\/la-produccion-cultural-del-tacto.html\" target=\"_blank\" rel=\"noreferrer noopener\">La producci\u00f3n cultural del tacto<\/a>. Entrada en el blog <em>El laberinto de la identidad<\/em> de Fernando Broncano.<\/li>\n\n\n\n<li><a href=\"https:\/\/laberintodelaidentidad.blogspot.com\/2023\/11\/materiales-para-renovar-el-materialismo.html\">Materiales para renovar el materialismo<\/a>. Entrada en el blog <em>El laberinto de la identidad <\/em>de Fernando Broncano.<\/li>\n<\/ol>\n","protected":false},"excerpt":{"rendered":"","protected":false},"author":1,"featured_media":0,"parent":0,"menu_order":0,"comment_status":"closed","ping_status":"closed","template":"","meta":{"ocean_post_layout":"","ocean_both_sidebars_style":"","ocean_both_sidebars_content_width":0,"ocean_both_sidebars_sidebars_width":0,"ocean_sidebar":"0","ocean_second_sidebar":"0","ocean_disable_margins":"enable","ocean_add_body_class":"","ocean_shortcode_before_top_bar":"","ocean_shortcode_after_top_bar":"","ocean_shortcode_before_header":"","ocean_shortcode_after_header":"","ocean_has_shortcode":"","ocean_shortcode_after_title":"","ocean_shortcode_before_footer_widgets":"","ocean_shortcode_after_footer_widgets":"","ocean_shortcode_before_footer_bottom":"","ocean_shortcode_after_footer_bottom":"","ocean_display_top_bar":"default","ocean_display_header":"default","ocean_header_style":"","ocean_center_header_left_menu":"0","ocean_custom_header_template":"0","ocean_custom_logo":0,"ocean_custom_retina_logo":0,"ocean_custom_logo_max_width":0,"ocean_custom_logo_tablet_max_width":0,"ocean_custom_logo_mobile_max_width":0,"ocean_custom_logo_max_height":0,"ocean_custom_logo_tablet_max_height":0,"ocean_custom_logo_mobile_max_height":0,"ocean_header_custom_menu":"0","ocean_menu_typo_font_family":"0","ocean_menu_typo_font_subset":"","ocean_menu_typo_font_size":0,"ocean_menu_typo_font_size_tablet":0,"ocean_menu_typo_font_size_mobile":0,"ocean_menu_typo_font_size_unit":"px","ocean_menu_typo_font_weight":"","ocean_menu_typo_font_weight_tablet":"","ocean_menu_typo_font_weight_mobile":"","ocean_menu_typo_transform":"","ocean_menu_typo_transform_tablet":"","ocean_menu_typo_transform_mobile":"","ocean_menu_typo_line_height":0,"ocean_menu_typo_line_height_tablet":0,"ocean_menu_typo_line_height_mobile":0,"ocean_menu_typo_line_height_unit":"","ocean_menu_typo_spacing":0,"ocean_menu_typo_spacing_tablet":0,"ocean_menu_typo_spacing_mobile":0,"ocean_menu_typo_spacing_unit":"","ocean_menu_link_color":"","ocean_menu_link_color_hover":"","ocean_menu_link_color_active":"","ocean_menu_link_background":"","ocean_menu_link_hover_background":"","ocean_menu_link_active_background":"","ocean_menu_social_links_bg":"","ocean_menu_social_hover_links_bg":"","ocean_menu_social_links_color":"","ocean_menu_social_hover_links_color":"","ocean_disable_title":"on","ocean_disable_heading":"default","ocean_post_title":"","ocean_post_subheading":"","ocean_post_title_style":"","ocean_post_title_background_color":"","ocean_post_title_background":0,"ocean_post_title_bg_image_position":"","ocean_post_title_bg_image_attachment":"","ocean_post_title_bg_image_repeat":"","ocean_post_title_bg_image_size":"","ocean_post_title_height":0,"ocean_post_title_bg_overlay":0.5,"ocean_post_title_bg_overlay_color":"","ocean_disable_breadcrumbs":"default","ocean_breadcrumbs_color":"","ocean_breadcrumbs_separator_color":"","ocean_breadcrumbs_links_color":"","ocean_breadcrumbs_links_hover_color":"","ocean_display_footer_widgets":"default","ocean_display_footer_bottom":"default","ocean_custom_footer_template":"0","footnotes":""},"class_list":["post-27","page","type-page","status-publish","hentry","entry"],"_links":{"self":[{"href":"https:\/\/oscarayala.com\/escenificar\/wp-json\/wp\/v2\/pages\/27","targetHints":{"allow":["GET"]}}],"collection":[{"href":"https:\/\/oscarayala.com\/escenificar\/wp-json\/wp\/v2\/pages"}],"about":[{"href":"https:\/\/oscarayala.com\/escenificar\/wp-json\/wp\/v2\/types\/page"}],"author":[{"embeddable":true,"href":"https:\/\/oscarayala.com\/escenificar\/wp-json\/wp\/v2\/users\/1"}],"replies":[{"embeddable":true,"href":"https:\/\/oscarayala.com\/escenificar\/wp-json\/wp\/v2\/comments?post=27"}],"version-history":[{"count":5,"href":"https:\/\/oscarayala.com\/escenificar\/wp-json\/wp\/v2\/pages\/27\/revisions"}],"predecessor-version":[{"id":605,"href":"https:\/\/oscarayala.com\/escenificar\/wp-json\/wp\/v2\/pages\/27\/revisions\/605"}],"wp:attachment":[{"href":"https:\/\/oscarayala.com\/escenificar\/wp-json\/wp\/v2\/media?parent=27"}],"curies":[{"name":"wp","href":"https:\/\/api.w.org\/{rel}","templated":true}]}}