{"id":29,"date":"2023-03-29T15:23:36","date_gmt":"2023-03-29T15:23:36","guid":{"rendered":"https:\/\/oscarayala.com\/escenificar\/?page_id=29"},"modified":"2023-03-29T19:34:59","modified_gmt":"2023-03-29T19:34:59","slug":"preguntas","status":"publish","type":"page","link":"https:\/\/oscarayala.com\/escenificar\/preguntas\/","title":{"rendered":"Preguntas"},"content":{"rendered":"\n<h2 class=\"wp-block-heading\">\u00bfCu\u00e1l es su posici\u00f3n? <em>Qual \u00e9 a sua posi\u00e7\u00e3o?<\/em><\/h2>\n\n\n\n<ol class=\"wp-block-list\">\n<li>(Emoji Sanitario). (Carlos Bonil).<\/li>\n\n\n\n<li>Sentada. (Ana Maria Villate).<\/li>\n\n\n\n<li>Entre la politica y el arte. En una baldosa. (<a href=\"https:\/\/www.facebook.com\/oscar.l.villalba?comment_id=Y29tbWVudDoxMDE1ODcxMjA5NzUzMzE0NF8xMDIzMzA0ODY1MjIzOTgx&amp;__cft__%5b0%5d=AZUNIk17KUQzzmPVGWFJ7oF8b7PK0FyJMjqhsPkxWFHJpisGPgG1-TdohG6Fxmepqz6rBys9gullH6DmpojR_TWHs8wS-aXoqoMjXX-B23_jkTp9C1gNHRrMP16Eku0CQTfuDeiqhDVyxY_L_3PDYLwx&amp;__tn__=R%5d-R\">Oscar L. Villalba<\/a>)<\/li>\n\n\n\n<li>(Emoji Hormiga). (<a href=\"https:\/\/www.facebook.com\/juanmanuelrrgg?comment_id=Y29tbWVudDoxMDE1ODcxMjA5NzUzMzE0NF83MzkzMzIxMTM4ODA4MDQ%3D&amp;__cft__%5b0%5d=AZUNIk17KUQzzmPVGWFJ7oF8b7PK0FyJMjqhsPkxWFHJpisGPgG1-TdohG6Fxmepqz6rBys9gullH6DmpojR_TWHs8wS-aXoqoMjXX-B23_jkTp9C1gNHRrMP16Eku0CQTfuDeiqhDVyxY_L_3PDYLwx&amp;__tn__=R%5d-R\">Juan Manuel R G\u00f3mez<\/a>)<\/li>\n\n\n\n<li>Que es mejor si, pero a veces toca no. (<a href=\"https:\/\/www.instagram.com\/leacolumbi\/\">leacolumbi<\/a>)<\/li>\n<\/ol>\n\n\n\n<hr class=\"wp-block-separator has-alpha-channel-opacity\"\/>\n\n\n\n<h2 class=\"wp-block-heading\"><strong>Inserte su ambiente aqu\u00ed ____________. <em>Insere seu ambiente aqu\u00ed<\/em> __________.<\/strong><\/h2>\n\n\n\n<h2 class=\"wp-block-heading\"><strong>\u00bfCu\u00e1l es su ambiente? <em>Qual \u00e9 o seu ambiente?<\/em><\/strong><\/h2>\n\n\n\n<ol class=\"wp-block-list\">\n<li>Paternidad. (Sebasthyan Soto).<\/li>\n\n\n\n<li>(Imagen 1). (Luz Mi).<\/li>\n\n\n\n<li>Mirando pa&#8217;fuera (Imagen 2). (Luz Mi).<\/li>\n\n\n\n<li>(Imagem 3). (David Lopes).<\/li>\n\n\n\n<li>\u00c9 o do meu atelier, neste momento. (Rui dos Santos)<\/li>\n<\/ol>\n\n\n\n<figure class=\"wp-block-gallery has-nested-images columns-default is-cropped wp-block-gallery-1 is-layout-flex wp-block-gallery-is-layout-flex\">\n<figure class=\"wp-block-image size-large\"><a href=\"https:\/\/oscarayala.com\/escenificar\/wp-content\/uploads\/2023\/03\/278581179_10227930630951571_1520226764173406644_n.jpeg\"><img decoding=\"async\" width=\"261\" height=\"147\" data-id=\"175\" src=\"https:\/\/oscarayala.com\/escenificar\/wp-content\/uploads\/2023\/03\/278581179_10227930630951571_1520226764173406644_n.jpeg\" alt=\"\" class=\"wp-image-175\"\/><\/a><figcaption class=\"wp-element-caption\">Imagen 1<\/figcaption><\/figure>\n\n\n\n<figure class=\"wp-block-image size-large\"><a href=\"https:\/\/oscarayala.com\/escenificar\/wp-content\/uploads\/2023\/03\/278661918_10227970835516660_5194788356802910460_n.jpeg\"><img fetchpriority=\"high\" decoding=\"async\" width=\"576\" height=\"1024\" data-id=\"176\" src=\"https:\/\/oscarayala.com\/escenificar\/wp-content\/uploads\/2023\/03\/278661918_10227970835516660_5194788356802910460_n-576x1024.jpeg\" alt=\"\" class=\"wp-image-176\" srcset=\"https:\/\/oscarayala.com\/escenificar\/wp-content\/uploads\/2023\/03\/278661918_10227970835516660_5194788356802910460_n-576x1024.jpeg 576w, https:\/\/oscarayala.com\/escenificar\/wp-content\/uploads\/2023\/03\/278661918_10227970835516660_5194788356802910460_n-169x300.jpeg 169w, https:\/\/oscarayala.com\/escenificar\/wp-content\/uploads\/2023\/03\/278661918_10227970835516660_5194788356802910460_n-768x1365.jpeg 768w, https:\/\/oscarayala.com\/escenificar\/wp-content\/uploads\/2023\/03\/278661918_10227970835516660_5194788356802910460_n-864x1536.jpeg 864w, https:\/\/oscarayala.com\/escenificar\/wp-content\/uploads\/2023\/03\/278661918_10227970835516660_5194788356802910460_n.jpeg 900w\" sizes=\"(max-width: 576px) 100vw, 576px\" \/><\/a><figcaption class=\"wp-element-caption\">Imagen 2<\/figcaption><\/figure>\n\n\n\n<figure class=\"wp-block-image size-large\"><a href=\"https:\/\/oscarayala.com\/escenificar\/wp-content\/uploads\/2023\/03\/Captura-de-ecra-2022-03-06-as-17.10.37.jpg\"><img decoding=\"async\" width=\"745\" height=\"1024\" data-id=\"177\" src=\"https:\/\/oscarayala.com\/escenificar\/wp-content\/uploads\/2023\/03\/Captura-de-ecra-2022-03-06-as-17.10.37-745x1024.jpg\" alt=\"\" class=\"wp-image-177\" srcset=\"https:\/\/oscarayala.com\/escenificar\/wp-content\/uploads\/2023\/03\/Captura-de-ecra-2022-03-06-as-17.10.37-745x1024.jpg 745w, https:\/\/oscarayala.com\/escenificar\/wp-content\/uploads\/2023\/03\/Captura-de-ecra-2022-03-06-as-17.10.37-218x300.jpg 218w, https:\/\/oscarayala.com\/escenificar\/wp-content\/uploads\/2023\/03\/Captura-de-ecra-2022-03-06-as-17.10.37-768x1055.jpg 768w, https:\/\/oscarayala.com\/escenificar\/wp-content\/uploads\/2023\/03\/Captura-de-ecra-2022-03-06-as-17.10.37.jpg 835w\" sizes=\"(max-width: 745px) 100vw, 745px\" \/><\/a><figcaption class=\"wp-element-caption\">Imagen 3<\/figcaption><\/figure>\n<\/figure>\n\n\n\n<hr class=\"wp-block-separator has-alpha-channel-opacity\"\/>\n\n\n\n<h2 class=\"wp-block-heading\"><strong>\u00bfQu\u00e9 cree usted que sucede cuando se entra en un museo?<\/strong><\/h2>\n\n\n\n<ol class=\"wp-block-list\">\n<li>Que se ha entrado a un museo (Juan Ayala)<\/li>\n\n\n\n<li>Suben los indicadores de n\u00famero de visitas al museo. (Megric Pacheco)<\/li>\n\n\n\n<li>Que nos adentramos en un ritual. (Andr\u00e9s Gomez)<\/li>\n\n\n\n<li>Encontrar cosas o elementos que me generen otras perspectivas. (Paula S\u00e1nchez)<\/li>\n\n\n\n<li>Aparece en la mente un mapa un poco m\u00e1s claro, detallado, de algo que fue, que es, que va a ser&#8230; Es abrir el cofre de la abuelita, en donde uno descubre cu\u00e1nto tiene que ver con ella, de d\u00f3nde vienen cosas propias que uno no entend\u00eda&#8230; (Hen Ang Diaz)<\/li>\n\n\n\n<li>Que deja de llover. (Daisy Dew)<\/li>\n\n\n\n<li>Depende del museo&#8230; (Alejandra Fonseca)<\/li>\n\n\n\n<li>Encontrar la inspiraci\u00f3n o la muerte de\/ para una obra\u2026 (Ramses Benjumea T\u00f3rres)<\/li>\n\n\n\n<li>Que al salir, el mundo ya no es el mismo. Para bien o para mal. (Jair Monta\u00f1a).<\/li>\n\n\n\n<li>El museo en muchas ocasiones es como un lienzo en blanco, tiene muchos posibilidades de ser un pintura construida, una pintura destruida o una pintura m\u00e1s, depende de su contenido, de su gesto, de su mancha e intenci\u00f3n. (Tiago Castillo)<\/li>\n\n\n\n<li>Huele a fr\u00edo generalmente, lo chequean a uno por si tiene donde llevarse algo, s\u00ed es como otra dimensi\u00f3n&#8230; (Leandro Mu\u00f1oz Romero)<\/li>\n\n\n\n<li>Se abre una caja misteriosa de silencios que hablan&#8230;..(eso sent\u00eda cuando era peque\u00f1a y entr\u00e9 por primeras veces a un museo) aunque tambi\u00e9n en algunos casos me encontr\u00e9 con el rega\u00f1o de los guardas de seguridad por acercarme o acercarnos en demas\u00eda (por igualados con los artistas). (Angela Pi\u00f1eros)<\/li>\n<\/ol>\n\n\n\n<hr class=\"wp-block-separator has-alpha-channel-opacity\"\/>\n\n\n\n<h2 class=\"wp-block-heading\"><strong>\u00bfCu\u00e1l cree usted que es el \u00abmedio\u00bb o la \u00abt\u00e9cnica\u00bb o la \u00abtecnolog\u00eda\u00bb del siglo xx\/xxi que modifica la percepci\u00f3n humana?<\/strong><\/h2>\n\n\n\n<ol class=\"wp-block-list\">\n<li>El Internet (David \u00c1lvarez)<\/li>\n\n\n\n<li>Las redes sociales (Floleria Vallejo)<\/li>\n\n\n\n<li>(El cerco democr\u00e1tico) (Chema Rodr\u00edguez)<\/li>\n\n\n\n<li>El GPS (Christian Padilla)<\/li>\n\n\n\n<li>El espejo (Armando Russi)<\/li>\n\n\n\n<li>Los tel\u00e9fonos \u00abinteligentes\u00bb (M\u00f3nica Rozo)<\/li>\n\n\n\n<li>Las pantallas (Juan Torres)<\/li>\n\n\n\n<li>La realidad virtual o el cine 4D (Daniel G\u00e1lvez)<\/li>\n\n\n\n<li>Las iglesias evang\u00e9licas (Raimundo Villalba)<\/li>\n\n\n\n<li>La selfie (Ana Mar\u00eda Villate)<\/li>\n\n\n\n<li>El acceso inmediato a la \u00abprivacidad\u00bb del otro. Los medios de comunicaci\u00f3n. (Juliian Moreno)<\/li>\n\n\n\n<li>La nanotecnolog\u00eda (Kilel\u00e9)<\/li>\n\n\n\n<li>El celular (Ana Mar\u00eda Bernal)<\/li>\n\n\n\n<li>La inteligencia artificial (@penubar)<\/li>\n\n\n\n<li>Medios de comunicaci\u00f3n (@Liseth9423)<\/li>\n\n\n\n<li>El alcohol (@LoloelRolo)<\/li>\n\n\n\n<li>Facebook (@ShorelineTales)<\/li>\n<\/ol>\n\n\n\n<hr class=\"wp-block-separator has-alpha-channel-opacity\"\/>\n\n\n\n<h2 class=\"wp-block-heading\"><strong>\u00bfCu\u00e1l cree usted que fue el \u00abmedio\u00bb o la \u00abt\u00e9cnica\u00bb o la \u00abtecnolog\u00eda\u00bb que cambi\u00f3 la percepci\u00f3n humana?<\/strong><\/h2>\n\n\n\n<ol class=\"wp-block-list\">\n<li>La rueda, la imprenta y la internet. (Armando Russi)<\/li>\n\n\n\n<li>La cocci\u00f3n de alimentos (Jaimee Gomez)<\/li>\n\n\n\n<li>El cine (William F Salamanca)<\/li>\n\n\n\n<li>El lenguaje articulado (Rodrigo Bastidas)<\/li>\n\n\n\n<li>El fuego (Oscar L. Villalba)<\/li>\n\n\n\n<li>El dibujo y las transferencias (Jair Monta\u00f1a)<\/li>\n\n\n\n<li>La agricultura (Jos\u00e9 Alejandro Roa)<\/li>\n\n\n\n<li>El espejo (Conno Tisoy)<\/li>\n\n\n\n<li>La electricidad [Luz el\u00e9ctrica] (Elian Navher)<\/li>\n<\/ol>\n","protected":false},"excerpt":{"rendered":"<p>\u00bfCu\u00e1l es su posici\u00f3n? Qual \u00e9 a sua posi\u00e7\u00e3o? Inserte su ambiente aqu\u00ed ____________. Insere seu ambiente aqu\u00ed __________. \u00bfCu\u00e1l es su ambiente? Qual \u00e9 o seu ambiente? \u00bfQu\u00e9 cree usted que sucede cuando se entra en un museo? \u00bfCu\u00e1l cree usted que es el \u00abmedio\u00bb o la \u00abt\u00e9cnica\u00bb o la \u00abtecnolog\u00eda\u00bb del siglo xx\/xxi [&hellip;]<\/p>\n","protected":false},"author":1,"featured_media":0,"parent":0,"menu_order":0,"comment_status":"closed","ping_status":"closed","template":"","meta":{"ocean_post_layout":"","ocean_both_sidebars_style":"","ocean_both_sidebars_content_width":0,"ocean_both_sidebars_sidebars_width":0,"ocean_sidebar":"0","ocean_second_sidebar":"0","ocean_disable_margins":"enable","ocean_add_body_class":"","ocean_shortcode_before_top_bar":"","ocean_shortcode_after_top_bar":"","ocean_shortcode_before_header":"","ocean_shortcode_after_header":"","ocean_has_shortcode":"","ocean_shortcode_after_title":"","ocean_shortcode_before_footer_widgets":"","ocean_shortcode_after_footer_widgets":"","ocean_shortcode_before_footer_bottom":"","ocean_shortcode_after_footer_bottom":"","ocean_display_top_bar":"default","ocean_display_header":"default","ocean_header_style":"","ocean_center_header_left_menu":"0","ocean_custom_header_template":"0","ocean_custom_logo":0,"ocean_custom_retina_logo":0,"ocean_custom_logo_max_width":0,"ocean_custom_logo_tablet_max_width":0,"ocean_custom_logo_mobile_max_width":0,"ocean_custom_logo_max_height":0,"ocean_custom_logo_tablet_max_height":0,"ocean_custom_logo_mobile_max_height":0,"ocean_header_custom_menu":"0","ocean_menu_typo_font_family":"0","ocean_menu_typo_font_subset":"","ocean_menu_typo_font_size":0,"ocean_menu_typo_font_size_tablet":0,"ocean_menu_typo_font_size_mobile":0,"ocean_menu_typo_font_size_unit":"px","ocean_menu_typo_font_weight":"","ocean_menu_typo_font_weight_tablet":"","ocean_menu_typo_font_weight_mobile":"","ocean_menu_typo_transform":"","ocean_menu_typo_transform_tablet":"","ocean_menu_typo_transform_mobile":"","ocean_menu_typo_line_height":0,"ocean_menu_typo_line_height_tablet":0,"ocean_menu_typo_line_height_mobile":0,"ocean_menu_typo_line_height_unit":"","ocean_menu_typo_spacing":0,"ocean_menu_typo_spacing_tablet":0,"ocean_menu_typo_spacing_mobile":0,"ocean_menu_typo_spacing_unit":"","ocean_menu_link_color":"","ocean_menu_link_color_hover":"","ocean_menu_link_color_active":"","ocean_menu_link_background":"","ocean_menu_link_hover_background":"","ocean_menu_link_active_background":"","ocean_menu_social_links_bg":"","ocean_menu_social_hover_links_bg":"","ocean_menu_social_links_color":"","ocean_menu_social_hover_links_color":"","ocean_disable_title":"on","ocean_disable_heading":"default","ocean_post_title":"","ocean_post_subheading":"","ocean_post_title_style":"","ocean_post_title_background_color":"","ocean_post_title_background":0,"ocean_post_title_bg_image_position":"","ocean_post_title_bg_image_attachment":"","ocean_post_title_bg_image_repeat":"","ocean_post_title_bg_image_size":"","ocean_post_title_height":0,"ocean_post_title_bg_overlay":0.5,"ocean_post_title_bg_overlay_color":"","ocean_disable_breadcrumbs":"default","ocean_breadcrumbs_color":"","ocean_breadcrumbs_separator_color":"","ocean_breadcrumbs_links_color":"","ocean_breadcrumbs_links_hover_color":"","ocean_display_footer_widgets":"default","ocean_display_footer_bottom":"default","ocean_custom_footer_template":"0","footnotes":""},"class_list":["post-29","page","type-page","status-publish","hentry","entry"],"_links":{"self":[{"href":"https:\/\/oscarayala.com\/escenificar\/wp-json\/wp\/v2\/pages\/29","targetHints":{"allow":["GET"]}}],"collection":[{"href":"https:\/\/oscarayala.com\/escenificar\/wp-json\/wp\/v2\/pages"}],"about":[{"href":"https:\/\/oscarayala.com\/escenificar\/wp-json\/wp\/v2\/types\/page"}],"author":[{"embeddable":true,"href":"https:\/\/oscarayala.com\/escenificar\/wp-json\/wp\/v2\/users\/1"}],"replies":[{"embeddable":true,"href":"https:\/\/oscarayala.com\/escenificar\/wp-json\/wp\/v2\/comments?post=29"}],"version-history":[{"count":7,"href":"https:\/\/oscarayala.com\/escenificar\/wp-json\/wp\/v2\/pages\/29\/revisions"}],"predecessor-version":[{"id":185,"href":"https:\/\/oscarayala.com\/escenificar\/wp-json\/wp\/v2\/pages\/29\/revisions\/185"}],"wp:attachment":[{"href":"https:\/\/oscarayala.com\/escenificar\/wp-json\/wp\/v2\/media?parent=29"}],"curies":[{"name":"wp","href":"https:\/\/api.w.org\/{rel}","templated":true}]}}