{"id":51,"date":"2023-03-29T15:35:11","date_gmt":"2023-03-29T15:35:11","guid":{"rendered":"https:\/\/oscarayala.com\/escenificar\/?page_id=51"},"modified":"2023-06-22T10:15:12","modified_gmt":"2023-06-22T10:15:12","slug":"aceleracion","status":"publish","type":"page","link":"https:\/\/oscarayala.com\/escenificar\/aceleracion\/","title":{"rendered":"Aceleraci\u00f3n"},"content":{"rendered":"\n<h2 class=\"wp-block-heading\">Aceleraci\u00f3n<\/h2>\n\n\n\n<figure class=\"wp-block-embed aligncenter is-type-photo is-provider-flickr wp-block-embed-flickr\"><div class=\"wp-block-embed__wrapper\">\n<p class=\"responsive-video-wrap clr\"><a href=\"https:\/\/www.flickr.com\/photos\/oscarayala\/15353429579\/in\/album-72157677826068314\/\"><img fetchpriority=\"high\" decoding=\"async\" src=\"https:\/\/live.staticflickr.com\/5599\/15353429579_5281322c23_b.jpg\" alt=\"Escenificar un ambiente propuesto (aceleraci\u00f3n)\" width=\"1024\" height=\"768\" \/><\/a><\/p>\n<\/div><\/figure>\n\n\n\n<figure class=\"wp-block-gallery has-nested-images columns-default is-cropped wp-block-gallery-1 is-layout-flex wp-block-gallery-is-layout-flex\">\n<figure class=\"wp-block-image size-large\"><a href=\"https:\/\/oscarayala.com\/escenificar\/wp-content\/uploads\/2023\/03\/EAP_A_01_1-1024x799-1.jpeg\"><img decoding=\"async\" width=\"1024\" height=\"799\" data-id=\"233\" src=\"https:\/\/oscarayala.com\/escenificar\/wp-content\/uploads\/2023\/03\/EAP_A_01_1-1024x799-1.jpeg\" alt=\"\" class=\"wp-image-233\" srcset=\"https:\/\/oscarayala.com\/escenificar\/wp-content\/uploads\/2023\/03\/EAP_A_01_1-1024x799-1.jpeg 1024w, https:\/\/oscarayala.com\/escenificar\/wp-content\/uploads\/2023\/03\/EAP_A_01_1-1024x799-1-300x234.jpeg 300w, https:\/\/oscarayala.com\/escenificar\/wp-content\/uploads\/2023\/03\/EAP_A_01_1-1024x799-1-768x599.jpeg 768w\" sizes=\"(max-width: 1024px) 100vw, 1024px\" \/><\/a><\/figure>\n\n\n\n<figure class=\"wp-block-image size-large\"><a href=\"https:\/\/oscarayala.com\/escenificar\/wp-content\/uploads\/2023\/03\/EAP_A_02_3-1024x816-1.jpeg\"><img decoding=\"async\" width=\"1024\" height=\"816\" data-id=\"238\" src=\"https:\/\/oscarayala.com\/escenificar\/wp-content\/uploads\/2023\/03\/EAP_A_02_3-1024x816-1.jpeg\" alt=\"\" class=\"wp-image-238\" srcset=\"https:\/\/oscarayala.com\/escenificar\/wp-content\/uploads\/2023\/03\/EAP_A_02_3-1024x816-1.jpeg 1024w, https:\/\/oscarayala.com\/escenificar\/wp-content\/uploads\/2023\/03\/EAP_A_02_3-1024x816-1-300x239.jpeg 300w, https:\/\/oscarayala.com\/escenificar\/wp-content\/uploads\/2023\/03\/EAP_A_02_3-1024x816-1-768x612.jpeg 768w\" sizes=\"(max-width: 1024px) 100vw, 1024px\" \/><\/a><\/figure>\n\n\n\n<figure class=\"wp-block-image size-large\"><a href=\"https:\/\/oscarayala.com\/escenificar\/wp-content\/uploads\/2023\/03\/EAP_A_03_1-1024x667-1.jpeg\"><img loading=\"lazy\" decoding=\"async\" width=\"1024\" height=\"667\" data-id=\"234\" src=\"https:\/\/oscarayala.com\/escenificar\/wp-content\/uploads\/2023\/03\/EAP_A_03_1-1024x667-1.jpeg\" alt=\"\" class=\"wp-image-234\" srcset=\"https:\/\/oscarayala.com\/escenificar\/wp-content\/uploads\/2023\/03\/EAP_A_03_1-1024x667-1.jpeg 1024w, https:\/\/oscarayala.com\/escenificar\/wp-content\/uploads\/2023\/03\/EAP_A_03_1-1024x667-1-300x195.jpeg 300w, https:\/\/oscarayala.com\/escenificar\/wp-content\/uploads\/2023\/03\/EAP_A_03_1-1024x667-1-768x500.jpeg 768w\" sizes=\"(max-width: 1024px) 100vw, 1024px\" \/><\/a><\/figure>\n\n\n\n<figure class=\"wp-block-image size-large\"><a href=\"https:\/\/oscarayala.com\/escenificar\/wp-content\/uploads\/2023\/03\/EAP_A_04_2-1024x727-1.jpeg\"><img loading=\"lazy\" decoding=\"async\" width=\"1024\" height=\"727\" data-id=\"235\" src=\"https:\/\/oscarayala.com\/escenificar\/wp-content\/uploads\/2023\/03\/EAP_A_04_2-1024x727-1.jpeg\" alt=\"\" class=\"wp-image-235\" srcset=\"https:\/\/oscarayala.com\/escenificar\/wp-content\/uploads\/2023\/03\/EAP_A_04_2-1024x727-1.jpeg 1024w, https:\/\/oscarayala.com\/escenificar\/wp-content\/uploads\/2023\/03\/EAP_A_04_2-1024x727-1-300x213.jpeg 300w, https:\/\/oscarayala.com\/escenificar\/wp-content\/uploads\/2023\/03\/EAP_A_04_2-1024x727-1-768x545.jpeg 768w\" sizes=\"(max-width: 1024px) 100vw, 1024px\" \/><\/a><\/figure>\n\n\n\n<figure class=\"wp-block-image size-large\"><a href=\"https:\/\/oscarayala.com\/escenificar\/wp-content\/uploads\/2023\/03\/EAP_A_05_2-1024x817-1.jpeg\"><img loading=\"lazy\" decoding=\"async\" width=\"1024\" height=\"817\" data-id=\"237\" src=\"https:\/\/oscarayala.com\/escenificar\/wp-content\/uploads\/2023\/03\/EAP_A_05_2-1024x817-1.jpeg\" alt=\"\" class=\"wp-image-237\" srcset=\"https:\/\/oscarayala.com\/escenificar\/wp-content\/uploads\/2023\/03\/EAP_A_05_2-1024x817-1.jpeg 1024w, https:\/\/oscarayala.com\/escenificar\/wp-content\/uploads\/2023\/03\/EAP_A_05_2-1024x817-1-300x239.jpeg 300w, https:\/\/oscarayala.com\/escenificar\/wp-content\/uploads\/2023\/03\/EAP_A_05_2-1024x817-1-768x613.jpeg 768w\" sizes=\"(max-width: 1024px) 100vw, 1024px\" \/><\/a><\/figure>\n\n\n\n<figure class=\"wp-block-image size-large\"><a href=\"https:\/\/oscarayala.com\/escenificar\/wp-content\/uploads\/2023\/03\/EAP_A_06_3-1024x701-1.jpeg\"><img loading=\"lazy\" decoding=\"async\" width=\"1024\" height=\"701\" data-id=\"236\" src=\"https:\/\/oscarayala.com\/escenificar\/wp-content\/uploads\/2023\/03\/EAP_A_06_3-1024x701-1.jpeg\" alt=\"\" class=\"wp-image-236\" srcset=\"https:\/\/oscarayala.com\/escenificar\/wp-content\/uploads\/2023\/03\/EAP_A_06_3-1024x701-1.jpeg 1024w, https:\/\/oscarayala.com\/escenificar\/wp-content\/uploads\/2023\/03\/EAP_A_06_3-1024x701-1-300x205.jpeg 300w, https:\/\/oscarayala.com\/escenificar\/wp-content\/uploads\/2023\/03\/EAP_A_06_3-1024x701-1-768x526.jpeg 768w\" sizes=\"(max-width: 1024px) 100vw, 1024px\" \/><\/a><\/figure>\n\n\n\n<figure class=\"wp-block-image size-large\"><a href=\"https:\/\/oscarayala.com\/escenificar\/wp-content\/uploads\/2023\/03\/EAP_A_08-1024x668-1.png\"><img loading=\"lazy\" decoding=\"async\" width=\"1024\" height=\"668\" data-id=\"240\" src=\"https:\/\/oscarayala.com\/escenificar\/wp-content\/uploads\/2023\/03\/EAP_A_08-1024x668-1.png\" alt=\"\" class=\"wp-image-240\" srcset=\"https:\/\/oscarayala.com\/escenificar\/wp-content\/uploads\/2023\/03\/EAP_A_08-1024x668-1.png 1024w, https:\/\/oscarayala.com\/escenificar\/wp-content\/uploads\/2023\/03\/EAP_A_08-1024x668-1-300x196.png 300w, https:\/\/oscarayala.com\/escenificar\/wp-content\/uploads\/2023\/03\/EAP_A_08-1024x668-1-768x501.png 768w\" sizes=\"(max-width: 1024px) 100vw, 1024px\" \/><\/a><\/figure>\n\n\n\n<figure class=\"wp-block-image size-large\"><a href=\"https:\/\/oscarayala.com\/escenificar\/wp-content\/uploads\/2023\/03\/EAP_A_09-1024x593-1-e1680125438847.png\"><img loading=\"lazy\" decoding=\"async\" width=\"1024\" height=\"583\" data-id=\"239\" src=\"https:\/\/oscarayala.com\/escenificar\/wp-content\/uploads\/2023\/03\/EAP_A_09-1024x593-1-e1680125438847.png\" alt=\"\" class=\"wp-image-239\" srcset=\"https:\/\/oscarayala.com\/escenificar\/wp-content\/uploads\/2023\/03\/EAP_A_09-1024x593-1-e1680125438847.png 1024w, https:\/\/oscarayala.com\/escenificar\/wp-content\/uploads\/2023\/03\/EAP_A_09-1024x593-1-e1680125438847-300x171.png 300w, https:\/\/oscarayala.com\/escenificar\/wp-content\/uploads\/2023\/03\/EAP_A_09-1024x593-1-e1680125438847-768x437.png 768w\" sizes=\"(max-width: 1024px) 100vw, 1024px\" \/><\/a><\/figure>\n<\/figure>\n\n\n\n<p><\/p>\n\n\n\n<div class=\"wp-block-columns is-layout-flex wp-container-core-columns-is-layout-9d6595d7 wp-block-columns-is-layout-flex\">\n<div class=\"wp-block-column is-layout-flow wp-block-column-is-layout-flow\">\n<h5 class=\"wp-block-heading\">ES_<\/h5>\n\n\n\n<p>\u00bfC\u00f3mo puede un medio \u00abtraer para el frente\u00bb lo que ha estado en el fondo? \u00bfCu\u00e1l medio es m\u00e1s efectivo para contar lo que ha sido atravesado por la experiencia?<\/p>\n\n\n\n<p>Comparando en la traducci\u00f3n medi\u00e1tica la consistencia \u00abexpresiva\u00bb de un medio.<\/p>\n\n\n\n<p>La aceleraci\u00f3n \u00abtiende a separar funciones, tanto comerciales como pol\u00edticas, y, en cualquier sistema, hay un punto m\u00e1s all\u00e1 del cual la aceleraci\u00f3n se traduce en interrupci\u00f3n y colapso\u00bb. (Marshall McLuhan. Comprender los medios de comunicaci\u00f3n).<\/p>\n<\/div>\n\n\n\n<div class=\"wp-block-column is-layout-flow wp-block-column-is-layout-flow\">\n<h5 class=\"wp-block-heading\">PT_<\/h5>\n\n\n\n<p>Como pode um meio \u00abtrazer para a frente\u00bb o que tem estado no fundo? Qual meio \u00e9 mais eficaz para contar o que tem sido atravessado da experi\u00eancia?<\/p>\n\n\n\n<p>Comparando na tradu\u00e7\u00e3o medi\u00e1tica a consist\u00eancia \u00abexpressiva\u00bb de um meio.<\/p>\n\n\n\n<p>A acelera\u00e7\u00e3o \u00abtende a separar fun\u00e7\u00f5es, tanto comerciais quanto pol\u00edticas, e, em qualquer sistema, h\u00e1 um ponto al\u00e9m do qual a acelera\u00e7\u00e3o se traduz em interrup\u00e7\u00e3o e colapso\u00bb. (Marshall McLuhan. Compreender os medios de comunica\u00e7\u00e3o).<\/p>\n<\/div>\n<\/div>\n","protected":false},"excerpt":{"rendered":"<p>Aceleraci\u00f3n ES_ \u00bfC\u00f3mo puede un medio \u00abtraer para el frente\u00bb lo que ha estado en el fondo? \u00bfCu\u00e1l medio es m\u00e1s efectivo para contar lo que ha sido atravesado por la experiencia? Comparando en la traducci\u00f3n medi\u00e1tica la consistencia \u00abexpresiva\u00bb de un medio. La aceleraci\u00f3n \u00abtiende a separar funciones, tanto comerciales como pol\u00edticas, y, en [&hellip;]<\/p>\n","protected":false},"author":1,"featured_media":0,"parent":0,"menu_order":0,"comment_status":"closed","ping_status":"closed","template":"","meta":{"ocean_post_layout":"","ocean_both_sidebars_style":"","ocean_both_sidebars_content_width":0,"ocean_both_sidebars_sidebars_width":0,"ocean_sidebar":"0","ocean_second_sidebar":"0","ocean_disable_margins":"enable","ocean_add_body_class":"","ocean_shortcode_before_top_bar":"","ocean_shortcode_after_top_bar":"","ocean_shortcode_before_header":"","ocean_shortcode_after_header":"","ocean_has_shortcode":"","ocean_shortcode_after_title":"","ocean_shortcode_before_footer_widgets":"","ocean_shortcode_after_footer_widgets":"","ocean_shortcode_before_footer_bottom":"","ocean_shortcode_after_footer_bottom":"","ocean_display_top_bar":"default","ocean_display_header":"default","ocean_header_style":"","ocean_center_header_left_menu":"0","ocean_custom_header_template":"0","ocean_custom_logo":0,"ocean_custom_retina_logo":0,"ocean_custom_logo_max_width":0,"ocean_custom_logo_tablet_max_width":0,"ocean_custom_logo_mobile_max_width":0,"ocean_custom_logo_max_height":0,"ocean_custom_logo_tablet_max_height":0,"ocean_custom_logo_mobile_max_height":0,"ocean_header_custom_menu":"0","ocean_menu_typo_font_family":"0","ocean_menu_typo_font_subset":"","ocean_menu_typo_font_size":0,"ocean_menu_typo_font_size_tablet":0,"ocean_menu_typo_font_size_mobile":0,"ocean_menu_typo_font_size_unit":"px","ocean_menu_typo_font_weight":"","ocean_menu_typo_font_weight_tablet":"","ocean_menu_typo_font_weight_mobile":"","ocean_menu_typo_transform":"","ocean_menu_typo_transform_tablet":"","ocean_menu_typo_transform_mobile":"","ocean_menu_typo_line_height":0,"ocean_menu_typo_line_height_tablet":0,"ocean_menu_typo_line_height_mobile":0,"ocean_menu_typo_line_height_unit":"","ocean_menu_typo_spacing":0,"ocean_menu_typo_spacing_tablet":0,"ocean_menu_typo_spacing_mobile":0,"ocean_menu_typo_spacing_unit":"","ocean_menu_link_color":"","ocean_menu_link_color_hover":"","ocean_menu_link_color_active":"","ocean_menu_link_background":"","ocean_menu_link_hover_background":"","ocean_menu_link_active_background":"","ocean_menu_social_links_bg":"","ocean_menu_social_hover_links_bg":"","ocean_menu_social_links_color":"","ocean_menu_social_hover_links_color":"","ocean_disable_title":"on","ocean_disable_heading":"default","ocean_post_title":"","ocean_post_subheading":"","ocean_post_title_style":"","ocean_post_title_background_color":"","ocean_post_title_background":0,"ocean_post_title_bg_image_position":"","ocean_post_title_bg_image_attachment":"","ocean_post_title_bg_image_repeat":"","ocean_post_title_bg_image_size":"","ocean_post_title_height":0,"ocean_post_title_bg_overlay":0.5,"ocean_post_title_bg_overlay_color":"","ocean_disable_breadcrumbs":"default","ocean_breadcrumbs_color":"","ocean_breadcrumbs_separator_color":"","ocean_breadcrumbs_links_color":"","ocean_breadcrumbs_links_hover_color":"","ocean_display_footer_widgets":"default","ocean_display_footer_bottom":"default","ocean_custom_footer_template":"0","footnotes":""},"class_list":["post-51","page","type-page","status-publish","hentry","entry"],"_links":{"self":[{"href":"https:\/\/oscarayala.com\/escenificar\/wp-json\/wp\/v2\/pages\/51","targetHints":{"allow":["GET"]}}],"collection":[{"href":"https:\/\/oscarayala.com\/escenificar\/wp-json\/wp\/v2\/pages"}],"about":[{"href":"https:\/\/oscarayala.com\/escenificar\/wp-json\/wp\/v2\/types\/page"}],"author":[{"embeddable":true,"href":"https:\/\/oscarayala.com\/escenificar\/wp-json\/wp\/v2\/users\/1"}],"replies":[{"embeddable":true,"href":"https:\/\/oscarayala.com\/escenificar\/wp-json\/wp\/v2\/comments?post=51"}],"version-history":[{"count":26,"href":"https:\/\/oscarayala.com\/escenificar\/wp-json\/wp\/v2\/pages\/51\/revisions"}],"predecessor-version":[{"id":466,"href":"https:\/\/oscarayala.com\/escenificar\/wp-json\/wp\/v2\/pages\/51\/revisions\/466"}],"wp:attachment":[{"href":"https:\/\/oscarayala.com\/escenificar\/wp-json\/wp\/v2\/media?parent=51"}],"curies":[{"name":"wp","href":"https:\/\/api.w.org\/{rel}","templated":true}]}}