{"id":55,"date":"2023-03-29T15:36:39","date_gmt":"2023-03-29T15:36:39","guid":{"rendered":"https:\/\/oscarayala.com\/escenificar\/?page_id=55"},"modified":"2023-03-30T11:23:04","modified_gmt":"2023-03-30T11:23:04","slug":"pasajes-mediaticos","status":"publish","type":"page","link":"https:\/\/oscarayala.com\/escenificar\/pasajes-mediaticos\/","title":{"rendered":"Pasajes medi\u00e1ticos"},"content":{"rendered":"\n<h1 class=\"wp-block-heading\">Pasaje Mec\u00e1nico<\/h1>\n\n\n\n<figure class=\"wp-block-gallery has-nested-images columns-default is-cropped wp-block-gallery-1 is-layout-flex wp-block-gallery-is-layout-flex\">\n<figure class=\"wp-block-image size-large\"><a href=\"https:\/\/oscarayala.com\/escenificar\/wp-content\/uploads\/2023\/03\/Iluminacion-01.jpg\"><img fetchpriority=\"high\" decoding=\"async\" width=\"1024\" height=\"683\" data-id=\"268\" src=\"https:\/\/oscarayala.com\/escenificar\/wp-content\/uploads\/2023\/03\/Iluminacion-01-1024x683.jpg\" alt=\"\" class=\"wp-image-268\" srcset=\"https:\/\/oscarayala.com\/escenificar\/wp-content\/uploads\/2023\/03\/Iluminacion-01-1024x683.jpg 1024w, https:\/\/oscarayala.com\/escenificar\/wp-content\/uploads\/2023\/03\/Iluminacion-01-300x200.jpg 300w, https:\/\/oscarayala.com\/escenificar\/wp-content\/uploads\/2023\/03\/Iluminacion-01-768x512.jpg 768w, https:\/\/oscarayala.com\/escenificar\/wp-content\/uploads\/2023\/03\/Iluminacion-01.jpg 1500w\" sizes=\"(max-width: 1024px) 100vw, 1024px\" \/><\/a><figcaption class=\"wp-element-caption\">Iluminaci\u00f3n<\/figcaption><\/figure>\n\n\n\n<figure class=\"wp-block-image size-large\"><a href=\"https:\/\/oscarayala.com\/escenificar\/wp-content\/uploads\/2023\/03\/Alfabeto.jpg\"><img decoding=\"async\" width=\"1024\" height=\"683\" data-id=\"265\" src=\"https:\/\/oscarayala.com\/escenificar\/wp-content\/uploads\/2023\/03\/Alfabeto-1024x683.jpg\" alt=\"\" class=\"wp-image-265\" srcset=\"https:\/\/oscarayala.com\/escenificar\/wp-content\/uploads\/2023\/03\/Alfabeto-1024x683.jpg 1024w, https:\/\/oscarayala.com\/escenificar\/wp-content\/uploads\/2023\/03\/Alfabeto-300x200.jpg 300w, https:\/\/oscarayala.com\/escenificar\/wp-content\/uploads\/2023\/03\/Alfabeto-768x512.jpg 768w, https:\/\/oscarayala.com\/escenificar\/wp-content\/uploads\/2023\/03\/Alfabeto.jpg 1500w\" sizes=\"(max-width: 1024px) 100vw, 1024px\" \/><\/a><figcaption class=\"wp-element-caption\">Alfabeto<\/figcaption><\/figure>\n\n\n\n<figure class=\"wp-block-image size-large\"><a href=\"https:\/\/oscarayala.com\/escenificar\/wp-content\/uploads\/2023\/03\/Fotografia.jpg\"><img decoding=\"async\" width=\"683\" height=\"1024\" data-id=\"267\" src=\"https:\/\/oscarayala.com\/escenificar\/wp-content\/uploads\/2023\/03\/Fotografia-683x1024.jpg\" alt=\"\" class=\"wp-image-267\" srcset=\"https:\/\/oscarayala.com\/escenificar\/wp-content\/uploads\/2023\/03\/Fotografia-683x1024.jpg 683w, https:\/\/oscarayala.com\/escenificar\/wp-content\/uploads\/2023\/03\/Fotografia-200x300.jpg 200w, https:\/\/oscarayala.com\/escenificar\/wp-content\/uploads\/2023\/03\/Fotografia-768x1152.jpg 768w, https:\/\/oscarayala.com\/escenificar\/wp-content\/uploads\/2023\/03\/Fotografia.jpg 800w\" sizes=\"(max-width: 683px) 100vw, 683px\" \/><\/a><figcaption class=\"wp-element-caption\">Fotograf\u00eda<\/figcaption><\/figure>\n<\/figure>\n\n\n\n<p><\/p>\n\n\n\n<h1 class=\"wp-block-heading\">Pasaje El\u00e9ctrico<\/h1>\n\n\n\n<figure class=\"wp-block-gallery has-nested-images columns-default is-cropped wp-block-gallery-2 is-layout-flex wp-block-gallery-is-layout-flex\">\n<figure class=\"wp-block-image size-large\"><img loading=\"lazy\" decoding=\"async\" width=\"634\" height=\"1024\" data-id=\"266\" src=\"https:\/\/oscarayala.com\/escenificar\/wp-content\/uploads\/2023\/03\/Iluminacion-634x1024.jpg\" alt=\"\" class=\"wp-image-266\" srcset=\"https:\/\/oscarayala.com\/escenificar\/wp-content\/uploads\/2023\/03\/Iluminacion-634x1024.jpg 634w, https:\/\/oscarayala.com\/escenificar\/wp-content\/uploads\/2023\/03\/Iluminacion-186x300.jpg 186w, https:\/\/oscarayala.com\/escenificar\/wp-content\/uploads\/2023\/03\/Iluminacion.jpg 685w\" sizes=\"(max-width: 634px) 100vw, 634px\" \/><figcaption class=\"wp-element-caption\">Iluminaci\u00f3n<\/figcaption><\/figure>\n\n\n\n<figure class=\"wp-block-image size-large\"><img loading=\"lazy\" decoding=\"async\" width=\"621\" height=\"1024\" data-id=\"272\" src=\"https:\/\/oscarayala.com\/escenificar\/wp-content\/uploads\/2023\/03\/Radiofonia-621x1024.jpg\" alt=\"\" class=\"wp-image-272\" srcset=\"https:\/\/oscarayala.com\/escenificar\/wp-content\/uploads\/2023\/03\/Radiofonia-621x1024.jpg 621w, https:\/\/oscarayala.com\/escenificar\/wp-content\/uploads\/2023\/03\/Radiofonia-182x300.jpg 182w, https:\/\/oscarayala.com\/escenificar\/wp-content\/uploads\/2023\/03\/Radiofonia.jpg 728w\" sizes=\"(max-width: 621px) 100vw, 621px\" \/><figcaption class=\"wp-element-caption\">Radiofonia<\/figcaption><\/figure>\n\n\n\n<figure class=\"wp-block-image size-large\"><img loading=\"lazy\" decoding=\"async\" width=\"683\" height=\"1024\" data-id=\"271\" src=\"https:\/\/oscarayala.com\/escenificar\/wp-content\/uploads\/2023\/03\/Cinematografia-Web-683x1024.jpg\" alt=\"\" class=\"wp-image-271\" srcset=\"https:\/\/oscarayala.com\/escenificar\/wp-content\/uploads\/2023\/03\/Cinematografia-Web-683x1024.jpg 683w, https:\/\/oscarayala.com\/escenificar\/wp-content\/uploads\/2023\/03\/Cinematografia-Web-200x300.jpg 200w, https:\/\/oscarayala.com\/escenificar\/wp-content\/uploads\/2023\/03\/Cinematografia-Web-768x1152.jpg 768w, https:\/\/oscarayala.com\/escenificar\/wp-content\/uploads\/2023\/03\/Cinematografia-Web.jpg 800w\" sizes=\"(max-width: 683px) 100vw, 683px\" \/><figcaption class=\"wp-element-caption\">Cinematograf\u00eda<\/figcaption><\/figure>\n<\/figure>\n\n\n\n<p><\/p>\n\n\n\n<div class=\"wp-block-columns is-layout-flex wp-container-core-columns-is-layout-9d6595d7 wp-block-columns-is-layout-flex\">\n<div class=\"wp-block-column is-layout-flow wp-block-column-is-layout-flow\">\n<h5 class=\"wp-block-heading\">ES_<\/h5>\n\n\n\n<p>En cada pasaje, por ahora, est\u00e1n dispuestos 3 medios, equivalentes pero no sim\u00e9tricos. Cada uno de estos medios aqu\u00ed (re)presentados, son pasajes que diluyen las condiciones pre-existentes por ellos establecidas, pudiendo ver (aparentemente) las razones de sus existencia. Su inter\u00e9s resalta la transposici\u00f3n que opera cuando su mediaci\u00f3n se da en el arte.<\/p>\n<\/div>\n\n\n\n<div class=\"wp-block-column is-layout-flow wp-block-column-is-layout-flow\">\n<h5 class=\"wp-block-heading\">PT_<\/h5>\n\n\n\n<p>Em cada passagem, por enquanto, h\u00e1 3 meios equivalentes, mas n\u00e3o sim\u00e9tricos. Cada um desses meios aqui (re)apresentados, s\u00e3o passagens que diluem as condi\u00e7\u00f5es pr\u00e9-existentes por eles estabelecidas, podendo ver (aparentemente) as raz\u00f5es de sua exist\u00eancia. Seu interesse destaca a transposi\u00e7\u00e3o que opera quando sua media\u00e7\u00e3o se d\u00e1 na arte.<\/p>\n<\/div>\n<\/div>\n","protected":false},"excerpt":{"rendered":"<p>Pasaje Mec\u00e1nico Pasaje El\u00e9ctrico ES_ En cada pasaje, por ahora, est\u00e1n dispuestos 3 medios, equivalentes pero no sim\u00e9tricos. Cada uno de estos medios aqu\u00ed (re)presentados, son pasajes que diluyen las condiciones pre-existentes por ellos establecidas, pudiendo ver (aparentemente) las razones de sus existencia. Su inter\u00e9s resalta la transposici\u00f3n que opera cuando su mediaci\u00f3n se da [&hellip;]<\/p>\n","protected":false},"author":1,"featured_media":0,"parent":0,"menu_order":0,"comment_status":"closed","ping_status":"closed","template":"","meta":{"ocean_post_layout":"","ocean_both_sidebars_style":"","ocean_both_sidebars_content_width":0,"ocean_both_sidebars_sidebars_width":0,"ocean_sidebar":"0","ocean_second_sidebar":"0","ocean_disable_margins":"enable","ocean_add_body_class":"","ocean_shortcode_before_top_bar":"","ocean_shortcode_after_top_bar":"","ocean_shortcode_before_header":"","ocean_shortcode_after_header":"","ocean_has_shortcode":"","ocean_shortcode_after_title":"","ocean_shortcode_before_footer_widgets":"","ocean_shortcode_after_footer_widgets":"","ocean_shortcode_before_footer_bottom":"","ocean_shortcode_after_footer_bottom":"","ocean_display_top_bar":"default","ocean_display_header":"default","ocean_header_style":"","ocean_center_header_left_menu":"0","ocean_custom_header_template":"0","ocean_custom_logo":0,"ocean_custom_retina_logo":0,"ocean_custom_logo_max_width":0,"ocean_custom_logo_tablet_max_width":0,"ocean_custom_logo_mobile_max_width":0,"ocean_custom_logo_max_height":0,"ocean_custom_logo_tablet_max_height":0,"ocean_custom_logo_mobile_max_height":0,"ocean_header_custom_menu":"0","ocean_menu_typo_font_family":"0","ocean_menu_typo_font_subset":"","ocean_menu_typo_font_size":0,"ocean_menu_typo_font_size_tablet":0,"ocean_menu_typo_font_size_mobile":0,"ocean_menu_typo_font_size_unit":"px","ocean_menu_typo_font_weight":"","ocean_menu_typo_font_weight_tablet":"","ocean_menu_typo_font_weight_mobile":"","ocean_menu_typo_transform":"","ocean_menu_typo_transform_tablet":"","ocean_menu_typo_transform_mobile":"","ocean_menu_typo_line_height":0,"ocean_menu_typo_line_height_tablet":0,"ocean_menu_typo_line_height_mobile":0,"ocean_menu_typo_line_height_unit":"","ocean_menu_typo_spacing":0,"ocean_menu_typo_spacing_tablet":0,"ocean_menu_typo_spacing_mobile":0,"ocean_menu_typo_spacing_unit":"","ocean_menu_link_color":"","ocean_menu_link_color_hover":"","ocean_menu_link_color_active":"","ocean_menu_link_background":"","ocean_menu_link_hover_background":"","ocean_menu_link_active_background":"","ocean_menu_social_links_bg":"","ocean_menu_social_hover_links_bg":"","ocean_menu_social_links_color":"","ocean_menu_social_hover_links_color":"","ocean_disable_title":"on","ocean_disable_heading":"default","ocean_post_title":"","ocean_post_subheading":"","ocean_post_title_style":"","ocean_post_title_background_color":"","ocean_post_title_background":0,"ocean_post_title_bg_image_position":"","ocean_post_title_bg_image_attachment":"","ocean_post_title_bg_image_repeat":"","ocean_post_title_bg_image_size":"","ocean_post_title_height":0,"ocean_post_title_bg_overlay":0.5,"ocean_post_title_bg_overlay_color":"","ocean_disable_breadcrumbs":"default","ocean_breadcrumbs_color":"","ocean_breadcrumbs_separator_color":"","ocean_breadcrumbs_links_color":"","ocean_breadcrumbs_links_hover_color":"","ocean_display_footer_widgets":"default","ocean_display_footer_bottom":"default","ocean_custom_footer_template":"0","footnotes":""},"class_list":["post-55","page","type-page","status-publish","hentry","entry"],"_links":{"self":[{"href":"https:\/\/oscarayala.com\/escenificar\/wp-json\/wp\/v2\/pages\/55","targetHints":{"allow":["GET"]}}],"collection":[{"href":"https:\/\/oscarayala.com\/escenificar\/wp-json\/wp\/v2\/pages"}],"about":[{"href":"https:\/\/oscarayala.com\/escenificar\/wp-json\/wp\/v2\/types\/page"}],"author":[{"embeddable":true,"href":"https:\/\/oscarayala.com\/escenificar\/wp-json\/wp\/v2\/users\/1"}],"replies":[{"embeddable":true,"href":"https:\/\/oscarayala.com\/escenificar\/wp-json\/wp\/v2\/comments?post=55"}],"version-history":[{"count":5,"href":"https:\/\/oscarayala.com\/escenificar\/wp-json\/wp\/v2\/pages\/55\/revisions"}],"predecessor-version":[{"id":347,"href":"https:\/\/oscarayala.com\/escenificar\/wp-json\/wp\/v2\/pages\/55\/revisions\/347"}],"wp:attachment":[{"href":"https:\/\/oscarayala.com\/escenificar\/wp-json\/wp\/v2\/media?parent=55"}],"curies":[{"name":"wp","href":"https:\/\/api.w.org\/{rel}","templated":true}]}}