{"id":61,"date":"2023-03-29T15:38:27","date_gmt":"2023-03-29T15:38:27","guid":{"rendered":"https:\/\/oscarayala.com\/escenificar\/?page_id=61"},"modified":"2023-03-30T11:50:57","modified_gmt":"2023-03-30T11:50:57","slug":"tra_n_s","status":"publish","type":"page","link":"https:\/\/oscarayala.com\/escenificar\/tra_n_s\/","title":{"rendered":"Tra_n_s"},"content":{"rendered":"\n<h1 class=\"wp-block-heading\">Objetos<\/h1>\n\n\n\n<figure class=\"wp-block-gallery has-nested-images columns-default is-cropped wp-block-gallery-1 is-layout-flex wp-block-gallery-is-layout-flex\">\n<figure class=\"wp-block-image size-large\"><img fetchpriority=\"high\" decoding=\"async\" width=\"1024\" height=\"724\" data-id=\"285\" src=\"https:\/\/oscarayala.com\/escenificar\/wp-content\/uploads\/2023\/03\/Fig-31-1_Objetos-Fragmento-1024x724.png\" alt=\"\" class=\"wp-image-285\" srcset=\"https:\/\/oscarayala.com\/escenificar\/wp-content\/uploads\/2023\/03\/Fig-31-1_Objetos-Fragmento-1024x724.png 1024w, https:\/\/oscarayala.com\/escenificar\/wp-content\/uploads\/2023\/03\/Fig-31-1_Objetos-Fragmento-300x212.png 300w, https:\/\/oscarayala.com\/escenificar\/wp-content\/uploads\/2023\/03\/Fig-31-1_Objetos-Fragmento-768x543.png 768w, https:\/\/oscarayala.com\/escenificar\/wp-content\/uploads\/2023\/03\/Fig-31-1_Objetos-Fragmento.png 1123w\" sizes=\"(max-width: 1024px) 100vw, 1024px\" \/><\/figure>\n\n\n\n<figure class=\"wp-block-image size-large\"><img decoding=\"async\" width=\"1024\" height=\"724\" data-id=\"284\" src=\"https:\/\/oscarayala.com\/escenificar\/wp-content\/uploads\/2023\/03\/Fig-31-2_Objetos-Fragmento-1024x724.png\" alt=\"\" class=\"wp-image-284\" srcset=\"https:\/\/oscarayala.com\/escenificar\/wp-content\/uploads\/2023\/03\/Fig-31-2_Objetos-Fragmento-1024x724.png 1024w, https:\/\/oscarayala.com\/escenificar\/wp-content\/uploads\/2023\/03\/Fig-31-2_Objetos-Fragmento-300x212.png 300w, https:\/\/oscarayala.com\/escenificar\/wp-content\/uploads\/2023\/03\/Fig-31-2_Objetos-Fragmento-768x543.png 768w, https:\/\/oscarayala.com\/escenificar\/wp-content\/uploads\/2023\/03\/Fig-31-2_Objetos-Fragmento.png 1123w\" sizes=\"(max-width: 1024px) 100vw, 1024px\" \/><\/figure>\n<figcaption class=\"blocks-gallery-caption wp-element-caption\"><a href=\"https:\/\/bit.ly\/330lU0a\">https:\/\/bit.ly\/330lU0a<\/a><\/figcaption><\/figure>\n\n\n\n<p><\/p>\n\n\n\n<div class=\"wp-block-columns is-layout-flex wp-container-core-columns-is-layout-9d6595d7 wp-block-columns-is-layout-flex\">\n<div class=\"wp-block-column is-layout-flow wp-block-column-is-layout-flow\">\n<h5 class=\"wp-block-heading\">ES_<\/h5>\n\n\n\n<p>\u00bfPuedo llevar un objeto de la cultura para el \u00abmundo\u00bb del arte y pensar con \u00e9l las razones que la cultura tiene para ser como ella es?<\/p>\n<\/div>\n\n\n\n<div class=\"wp-block-column is-layout-flow wp-block-column-is-layout-flow\">\n<h5 class=\"wp-block-heading\">PT_<\/h5>\n\n\n\n<p>Eu posso levar um objeto da cultura para o \u00abmundo\u00bb da arte e pensar com ele as raz\u00f5es que a cultura tem para ser como ela \u00e9?<\/p>\n<\/div>\n<\/div>\n\n\n\n<p><\/p>\n\n\n\n<h1 class=\"wp-block-heading\">Notas<\/h1>\n\n\n\n<figure class=\"wp-block-image size-large\"><img decoding=\"async\" width=\"1024\" height=\"548\" src=\"https:\/\/oscarayala.com\/escenificar\/wp-content\/uploads\/2023\/03\/Fig-32_Notas-Registro-1024x548.png\" alt=\"\" class=\"wp-image-288\" srcset=\"https:\/\/oscarayala.com\/escenificar\/wp-content\/uploads\/2023\/03\/Fig-32_Notas-Registro-1024x548.png 1024w, https:\/\/oscarayala.com\/escenificar\/wp-content\/uploads\/2023\/03\/Fig-32_Notas-Registro-300x161.png 300w, https:\/\/oscarayala.com\/escenificar\/wp-content\/uploads\/2023\/03\/Fig-32_Notas-Registro-768x411.png 768w, https:\/\/oscarayala.com\/escenificar\/wp-content\/uploads\/2023\/03\/Fig-32_Notas-Registro-1536x822.png 1536w, https:\/\/oscarayala.com\/escenificar\/wp-content\/uploads\/2023\/03\/Fig-32_Notas-Registro.png 1663w\" sizes=\"(max-width: 1024px) 100vw, 1024px\" \/><\/figure>\n\n\n\n<p><\/p>\n\n\n\n<div class=\"wp-block-columns is-layout-flex wp-container-core-columns-is-layout-9d6595d7 wp-block-columns-is-layout-flex\">\n<div class=\"wp-block-column is-layout-flow wp-block-column-is-layout-flow\">\n<h5 class=\"wp-block-heading\">ES_<\/h5>\n\n\n\n<p>Nombrar para renombrar, nombrar para pensar lo que es una cultura.<\/p>\n<\/div>\n\n\n\n<div class=\"wp-block-column is-layout-flow wp-block-column-is-layout-flow\">\n<h5 class=\"wp-block-heading\">PT_<\/h5>\n\n\n\n<p>Nomear para renomear, nomear para pensar o que \u00e9 uma cultura.<\/p>\n<\/div>\n<\/div>\n\n\n\n<h1 class=\"wp-block-heading\">Relatos<\/h1>\n\n\n\n<figure class=\"wp-block-gallery has-nested-images columns-default is-cropped wp-block-gallery-2 is-layout-flex wp-block-gallery-is-layout-flex\">\n<figure class=\"wp-block-image size-large\"><a href=\"https:\/\/oscarayala.com\/escenificar\/wp-content\/uploads\/2023\/03\/Fig-32-1_Relatos-Ambiente-propuesto-1-No-lo-apague.-.jpeg\"><img loading=\"lazy\" decoding=\"async\" width=\"1024\" height=\"737\" data-id=\"297\" src=\"https:\/\/oscarayala.com\/escenificar\/wp-content\/uploads\/2023\/03\/Fig-32-1_Relatos-Ambiente-propuesto-1-No-lo-apague.--1024x737.jpeg\" alt=\"\" class=\"wp-image-297\" srcset=\"https:\/\/oscarayala.com\/escenificar\/wp-content\/uploads\/2023\/03\/Fig-32-1_Relatos-Ambiente-propuesto-1-No-lo-apague.--1024x737.jpeg 1024w, https:\/\/oscarayala.com\/escenificar\/wp-content\/uploads\/2023\/03\/Fig-32-1_Relatos-Ambiente-propuesto-1-No-lo-apague.--300x216.jpeg 300w, https:\/\/oscarayala.com\/escenificar\/wp-content\/uploads\/2023\/03\/Fig-32-1_Relatos-Ambiente-propuesto-1-No-lo-apague.--768x553.jpeg 768w, https:\/\/oscarayala.com\/escenificar\/wp-content\/uploads\/2023\/03\/Fig-32-1_Relatos-Ambiente-propuesto-1-No-lo-apague.--1536x1105.jpeg 1536w, https:\/\/oscarayala.com\/escenificar\/wp-content\/uploads\/2023\/03\/Fig-32-1_Relatos-Ambiente-propuesto-1-No-lo-apague.-.jpeg 1980w\" sizes=\"(max-width: 1024px) 100vw, 1024px\" \/><\/a><\/figure>\n\n\n\n<figure class=\"wp-block-image size-large\"><a href=\"https:\/\/oscarayala.com\/escenificar\/wp-content\/uploads\/2023\/03\/Fig-32-2_Relatos-Ambiente-propuesto-1-No-lo-apague.-.jpeg\"><img loading=\"lazy\" decoding=\"async\" width=\"1024\" height=\"732\" data-id=\"294\" src=\"https:\/\/oscarayala.com\/escenificar\/wp-content\/uploads\/2023\/03\/Fig-32-2_Relatos-Ambiente-propuesto-1-No-lo-apague.--1024x732.jpeg\" alt=\"\" class=\"wp-image-294\" srcset=\"https:\/\/oscarayala.com\/escenificar\/wp-content\/uploads\/2023\/03\/Fig-32-2_Relatos-Ambiente-propuesto-1-No-lo-apague.--1024x732.jpeg 1024w, https:\/\/oscarayala.com\/escenificar\/wp-content\/uploads\/2023\/03\/Fig-32-2_Relatos-Ambiente-propuesto-1-No-lo-apague.--300x214.jpeg 300w, https:\/\/oscarayala.com\/escenificar\/wp-content\/uploads\/2023\/03\/Fig-32-2_Relatos-Ambiente-propuesto-1-No-lo-apague.--768x549.jpeg 768w, https:\/\/oscarayala.com\/escenificar\/wp-content\/uploads\/2023\/03\/Fig-32-2_Relatos-Ambiente-propuesto-1-No-lo-apague.--1536x1097.jpeg 1536w, https:\/\/oscarayala.com\/escenificar\/wp-content\/uploads\/2023\/03\/Fig-32-2_Relatos-Ambiente-propuesto-1-No-lo-apague.--2048x1463.jpeg 2048w\" sizes=\"(max-width: 1024px) 100vw, 1024px\" \/><\/a><\/figure>\n\n\n\n<figure class=\"wp-block-image size-large\"><a href=\"https:\/\/oscarayala.com\/escenificar\/wp-content\/uploads\/2023\/03\/Fig-32-3_Relatos-Ambiente-propuesto-1-No-lo-apague.-.jpeg\"><img loading=\"lazy\" decoding=\"async\" width=\"1024\" height=\"751\" data-id=\"295\" src=\"https:\/\/oscarayala.com\/escenificar\/wp-content\/uploads\/2023\/03\/Fig-32-3_Relatos-Ambiente-propuesto-1-No-lo-apague.--1024x751.jpeg\" alt=\"\" class=\"wp-image-295\" srcset=\"https:\/\/oscarayala.com\/escenificar\/wp-content\/uploads\/2023\/03\/Fig-32-3_Relatos-Ambiente-propuesto-1-No-lo-apague.--1024x751.jpeg 1024w, https:\/\/oscarayala.com\/escenificar\/wp-content\/uploads\/2023\/03\/Fig-32-3_Relatos-Ambiente-propuesto-1-No-lo-apague.--300x220.jpeg 300w, https:\/\/oscarayala.com\/escenificar\/wp-content\/uploads\/2023\/03\/Fig-32-3_Relatos-Ambiente-propuesto-1-No-lo-apague.--768x563.jpeg 768w, https:\/\/oscarayala.com\/escenificar\/wp-content\/uploads\/2023\/03\/Fig-32-3_Relatos-Ambiente-propuesto-1-No-lo-apague.--1536x1127.jpeg 1536w, https:\/\/oscarayala.com\/escenificar\/wp-content\/uploads\/2023\/03\/Fig-32-3_Relatos-Ambiente-propuesto-1-No-lo-apague.-.jpeg 2024w\" sizes=\"(max-width: 1024px) 100vw, 1024px\" \/><\/a><\/figure>\n<figcaption class=\"blocks-gallery-caption wp-element-caption\"><span style=\"font-size: 10pt; font-family: &quot;Helvetica Neue&quot;; color: rgb(51, 51, 51);\">AMBIENTE PROPUESTO #1 (No lo apague).<\/span><\/figcaption><\/figure>\n\n\n\n<p><\/p>\n\n\n\n<div class=\"wp-block-columns is-layout-flex wp-container-core-columns-is-layout-9d6595d7 wp-block-columns-is-layout-flex\">\n<div class=\"wp-block-column is-layout-flow wp-block-column-is-layout-flow\">\n<h5 class=\"wp-block-heading\">ES_<\/h5>\n\n\n\n<p>\u00bfCu\u00e1les <em>gestos<\/em> traemos justo en el momento en que se nos <em>presentan<\/em> relatos con los que conectamos el mundo? Los relatos nos recuerdan las mediaciones con las que percibimos y sentimos; y con ellos, podemos ver di\u00e1logos que activan patrones, algunos de ellos instaurados e incorporados en el sistema l\u00edmbico hace millones de a\u00f1os, otros de aparici\u00f3n m\u00e1s reciente que a\u00fan est\u00e1n en proceso de asimilaci\u00f3n, como el sistema el\u00e9ctrico.<\/p>\n\n\n\n<p>Relatar y referenciar las \u201ccosas\u201d que nos rodean o en las que estamos habituados, es esperar por lecturas que imaginan \u201cambientes\u201d, y as\u00ed, (re)crear lo que ya hemos visto y solidificado en los <em>gestos.<\/em><\/p>\n<\/div>\n\n\n\n<div class=\"wp-block-column is-layout-flow wp-block-column-is-layout-flow\">\n<h5 class=\"wp-block-heading\">PT_<\/h5>\n\n\n\n<p>Que <em>gestos<\/em> trazemos no preciso momento em que nos s\u00e3o apresentados relatos com os quais ligamos o mundo? Os relatos recordam-nos as media\u00e7\u00f5es com que percebemos e sentimos; e com eles podemos ver di\u00e1logos que ativam padr\u00f5es, alguns deles estabelecidos e incorporados no sistema l\u00edmbico h\u00e1 milh\u00f5es de anos atr\u00e1s, outros de apar\u00eancia mais recente que ainda est\u00e3o em processo de assimila\u00e7\u00e3o, tais como o sistema el\u00e9ctrico.<\/p>\n\n\n\n<p>Relacionar e referenciar as \u00abcoisas\u00bb que nos rodeiam ou \u00e0s quais estamos habituados, \u00e9 esperar por leituras que imaginem \u00abambientes\u00bb, e assim, (re)criar aquilo que j\u00e1 vimos e solidific\u00e1mos nos <em>gestos<\/em>.<\/p>\n<\/div>\n<\/div>\n\n\n\n<h1 class=\"wp-block-heading\">Narraciones<\/h1>\n\n\n\n<figure class=\"wp-block-embed is-type-video is-provider-youtube wp-block-embed-youtube wp-embed-aspect-16-9 wp-has-aspect-ratio\"><div class=\"wp-block-embed__wrapper\">\n<p class=\"responsive-video-wrap clr\"><iframe title=\"Ambiente Propuesto #2 (Run the algorithm) ( .\/algorithm )\" width=\"1200\" height=\"675\" src=\"https:\/\/www.youtube.com\/embed\/pCFvaAophlk?feature=oembed\" frameborder=\"0\" allow=\"accelerometer; autoplay; clipboard-write; encrypted-media; gyroscope; picture-in-picture; web-share\" allowfullscreen><\/iframe><\/p>\n<\/div><figcaption class=\"wp-element-caption\">AMBIENTE PROPUESTO #2 (Run the algorithm) ( .\/algorithm ).<\/figcaption><\/figure>\n\n\n\n<p><\/p>\n\n\n\n<div class=\"wp-block-columns is-layout-flex wp-container-core-columns-is-layout-9d6595d7 wp-block-columns-is-layout-flex\">\n<div class=\"wp-block-column is-layout-flow wp-block-column-is-layout-flow\">\n<h5 class=\"wp-block-heading\">ES_<\/h5>\n\n\n\n<p>La unidad m\u00ednima, el c\u00f3digo m\u00e1ximo. <em>Transducimos<\/em> el sonido y lo disponemos para capturarlo y representarlo. Desde hace aproximadamente unos 3.000 a\u00f1os \u2013 m\u00e1s o menos \u2013 comenzamos la transici\u00f3n que nos llev\u00f3 de un universo sonoro a un universo visual. Con el alfabeto consolidamos una espec\u00edfica detenci\u00f3n que atrapa nuestro cuerpo y <em>alfabetiza <\/em>todo lo que percibe. Creamos secuencias que ambientan el mundo a nivel macro y a nivel micro: nos damos una lengua y con ella expresamos nuestros sentimientos, emociones y pensamientos. Aprendemos un <em>c\u00f3digo fuente<\/em> que nos permite simbolizar, en varias dimensiones, cualquier intercambio que realizamos para dotar de sentido nuestro continuo af\u00e1n de conquista. \u00bfQu\u00e9 <em>gestos<\/em> recordamos cuando se nos <em>presentan<\/em> relatos que nos conectan con el mundo? Sonido, grito, voz, fonema. Luz, rel\u00e1mpago, trazo, grafema. Gesticulamos con la boca y con las manos; programamos nuestros gestos para organizar y sistematizar un mundo que abrimos con la lengua para aprehenderlo y conocerlo, contemplarlo y comprenderlo, guardarlo y comunicarlo. Transducir el sonido, combinar sus partes para formar palabras, frases, p\u00e1rrafos, p\u00e1ginas y textos: de lo m\u00ednimo a lo m\u00e1ximo, de lo micro a lo macro: <em>alfabetizar<\/em>. Unidad m\u00ednima, c\u00f3digo m\u00e1ximo.<\/p>\n<\/div>\n\n\n\n<div class=\"wp-block-column is-layout-flow wp-block-column-is-layout-flow\">\n<h5 class=\"wp-block-heading\">PT_<\/h5>\n\n\n\n<p>A unidade m\u00ednima, o c\u00f3digo m\u00e1ximo. <em>Transduzimos<\/em> som e organizamo-lo para captur\u00e1-lo e represent\u00e1-lo. H\u00e1 aproximadamente 3.000 anos &#8211; mais ou menos &#8211; come\u00e7\u00e1mos a transi\u00e7\u00e3o de um universo sonoro para um universo visual. Com o alfabeto consolidamos uma deten\u00e7\u00e3o espec\u00edfica que capta o nosso corpo e <em>alfabetiza<\/em> tudo o que ele percebe. Criamos sequ\u00eancias que ambientam o mundo a um n\u00edvel macro e micro: damos a n\u00f3s pr\u00f3prios uma linguagem e com ela expressamos os nossos sentimentos, emo\u00e7\u00f5es e pensamentos. Aprendemos um <em>c\u00f3digo fonte<\/em> que nos permite simbolizar, em v\u00e1rias dimens\u00f5es, qualquer troca que fa\u00e7amos para dar sentido \u00e0 nossa cont\u00ednua busca de conquista. Que <em>gestos<\/em> recordamos quando nos s\u00e3o apresentados relatos que nos ligam ao mundo? Som, grito, voz, fonema. Luz, rel\u00e2mpago, tra\u00e7o, grafema. Gesticulamos com a nossa boca e as nossas m\u00e3os; programamos os nossos gestos para organizar e sistematizar um mundo que abrimos com a nossa l\u00edngua para o apreender e conhecer, contempl\u00e1-lo e compreend\u00ea-lo, salv\u00e1-lo e comunic\u00e1-lo. Transduzir o som, combinando as suas partes para formar palavras, senten\u00e7as, par\u00e1grafos, p\u00e1ginas e textos: do m\u00ednimo ao m\u00e1ximo, do micro ao macro: <em>alfabetiza\u00e7\u00e3o<\/em>. Unidade m\u00ednima, c\u00f3digo m\u00e1ximo.<\/p>\n<\/div>\n<\/div>\n","protected":false},"excerpt":{"rendered":"<p>Objetos ES_ \u00bfPuedo llevar un objeto de la cultura para el \u00abmundo\u00bb del arte y pensar con \u00e9l las razones que la cultura tiene para ser como ella es? PT_ Eu posso levar um objeto da cultura para o \u00abmundo\u00bb da arte e pensar com ele as raz\u00f5es que a cultura tem para ser como [&hellip;]<\/p>\n","protected":false},"author":1,"featured_media":0,"parent":0,"menu_order":0,"comment_status":"closed","ping_status":"closed","template":"","meta":{"ocean_post_layout":"","ocean_both_sidebars_style":"","ocean_both_sidebars_content_width":0,"ocean_both_sidebars_sidebars_width":0,"ocean_sidebar":"0","ocean_second_sidebar":"0","ocean_disable_margins":"enable","ocean_add_body_class":"","ocean_shortcode_before_top_bar":"","ocean_shortcode_after_top_bar":"","ocean_shortcode_before_header":"","ocean_shortcode_after_header":"","ocean_has_shortcode":"","ocean_shortcode_after_title":"","ocean_shortcode_before_footer_widgets":"","ocean_shortcode_after_footer_widgets":"","ocean_shortcode_before_footer_bottom":"","ocean_shortcode_after_footer_bottom":"","ocean_display_top_bar":"default","ocean_display_header":"default","ocean_header_style":"","ocean_center_header_left_menu":"0","ocean_custom_header_template":"0","ocean_custom_logo":0,"ocean_custom_retina_logo":0,"ocean_custom_logo_max_width":0,"ocean_custom_logo_tablet_max_width":0,"ocean_custom_logo_mobile_max_width":0,"ocean_custom_logo_max_height":0,"ocean_custom_logo_tablet_max_height":0,"ocean_custom_logo_mobile_max_height":0,"ocean_header_custom_menu":"0","ocean_menu_typo_font_family":"0","ocean_menu_typo_font_subset":"","ocean_menu_typo_font_size":0,"ocean_menu_typo_font_size_tablet":0,"ocean_menu_typo_font_size_mobile":0,"ocean_menu_typo_font_size_unit":"px","ocean_menu_typo_font_weight":"","ocean_menu_typo_font_weight_tablet":"","ocean_menu_typo_font_weight_mobile":"","ocean_menu_typo_transform":"","ocean_menu_typo_transform_tablet":"","ocean_menu_typo_transform_mobile":"","ocean_menu_typo_line_height":0,"ocean_menu_typo_line_height_tablet":0,"ocean_menu_typo_line_height_mobile":0,"ocean_menu_typo_line_height_unit":"","ocean_menu_typo_spacing":0,"ocean_menu_typo_spacing_tablet":0,"ocean_menu_typo_spacing_mobile":0,"ocean_menu_typo_spacing_unit":"","ocean_menu_link_color":"","ocean_menu_link_color_hover":"","ocean_menu_link_color_active":"","ocean_menu_link_background":"","ocean_menu_link_hover_background":"","ocean_menu_link_active_background":"","ocean_menu_social_links_bg":"","ocean_menu_social_hover_links_bg":"","ocean_menu_social_links_color":"","ocean_menu_social_hover_links_color":"","ocean_disable_title":"on","ocean_disable_heading":"default","ocean_post_title":"","ocean_post_subheading":"","ocean_post_title_style":"","ocean_post_title_background_color":"","ocean_post_title_background":0,"ocean_post_title_bg_image_position":"","ocean_post_title_bg_image_attachment":"","ocean_post_title_bg_image_repeat":"","ocean_post_title_bg_image_size":"","ocean_post_title_height":0,"ocean_post_title_bg_overlay":0.5,"ocean_post_title_bg_overlay_color":"","ocean_disable_breadcrumbs":"default","ocean_breadcrumbs_color":"","ocean_breadcrumbs_separator_color":"","ocean_breadcrumbs_links_color":"","ocean_breadcrumbs_links_hover_color":"","ocean_display_footer_widgets":"default","ocean_display_footer_bottom":"default","ocean_custom_footer_template":"0","footnotes":""},"class_list":["post-61","page","type-page","status-publish","hentry","entry"],"_links":{"self":[{"href":"https:\/\/oscarayala.com\/escenificar\/wp-json\/wp\/v2\/pages\/61","targetHints":{"allow":["GET"]}}],"collection":[{"href":"https:\/\/oscarayala.com\/escenificar\/wp-json\/wp\/v2\/pages"}],"about":[{"href":"https:\/\/oscarayala.com\/escenificar\/wp-json\/wp\/v2\/types\/page"}],"author":[{"embeddable":true,"href":"https:\/\/oscarayala.com\/escenificar\/wp-json\/wp\/v2\/users\/1"}],"replies":[{"embeddable":true,"href":"https:\/\/oscarayala.com\/escenificar\/wp-json\/wp\/v2\/comments?post=61"}],"version-history":[{"count":8,"href":"https:\/\/oscarayala.com\/escenificar\/wp-json\/wp\/v2\/pages\/61\/revisions"}],"predecessor-version":[{"id":360,"href":"https:\/\/oscarayala.com\/escenificar\/wp-json\/wp\/v2\/pages\/61\/revisions\/360"}],"wp:attachment":[{"href":"https:\/\/oscarayala.com\/escenificar\/wp-json\/wp\/v2\/media?parent=61"}],"curies":[{"name":"wp","href":"https:\/\/api.w.org\/{rel}","templated":true}]}}