{"id":51,"date":"2013-05-22T01:21:03","date_gmt":"2013-05-22T01:21:03","guid":{"rendered":"http:\/\/oscarayala.com\/?page_id=51"},"modified":"2024-03-09T16:50:57","modified_gmt":"2024-03-09T16:50:57","slug":"biografia","status":"publish","type":"page","link":"https:\/\/oscarayala.com\/p\/biografia\/","title":{"rendered":"Biograf\u00eda"},"content":{"rendered":"\n<p><strong>Oscar Ayala<\/strong>\u00a0inicia su trabajo en las artes en la Direcci\u00f3n Cultural Art\u00edstica de Santander \u2013 DICAS. En 1998 se traslada a la ciudad de Bogot\u00e1 D.C. para continuar sus estudios en la Escuela de Artes Pl\u00e1sticas de la Universidad Nacional de Colombia, d\u00f3nde obtiene el t\u00edtulo de grado de Maestro en Artes Pl\u00e1sticas con la obra <em><a href=\"https:\/\/oscarayala.com\/p\/2013\/05\/22\/transurbano\/\" data-type=\"link\" data-id=\"https:\/\/oscarayala.com\/p\/2013\/05\/22\/transurbano\/\" target=\"_blank\" rel=\"noreferrer noopener\">Transurbano<\/a><\/em>. Para el a\u00f1o 2007 realiza un viaje a la ciudad de Curitiba, PR, Brasil que le permite proponer un proyecto para la Maestr\u00eda en Artes Pl\u00e1sticas y Visuales de la Universidad Nacional de Colombia, d\u00f3nde obtiene el t\u00edtulo con la tesis <em><a href=\"http:\/\/oscarayala.laveneno.org\/\" target=\"_blank\" rel=\"noreferrer noopener\">Alguien \/ Alg\u00fan Lugar<\/a><\/em>. En el a\u00f1o 2020 inicia estudios en el Doctorado en Artes Pl\u00e1sticas de la Universidad de Oporto \u2013 Portugal, donde obtiene el t\u00edtulo con la tesis <em><a href=\"https:\/\/oscarayala.com\/escenificar\/\" target=\"_blank\" rel=\"noreferrer noopener\">Escenificar un ambiente propuesto<\/a><\/em>. Reflexiona sobre la relaci\u00f3n entre t\u00e9cnica y arte; y sobre la experiencia de lugar mediante la experimentaci\u00f3n con m\u00faltiples medios, que van desde el dibujo a la instalaci\u00f3n. Realiza trabajos pict\u00f3ricos \/ visuales con \u00e9nfasis en el (medio) ambiente, paisaje y problemas urbanos, representaci\u00f3n y percepci\u00f3n. Desde el a\u00f1o 2012 se vincula como profesor en el Departamento de Artes y Humanidades de la Facultad de Ciencias Humanas y Artes de la Universidad del Tolima.<\/p>\n\n\n\n<p>Vive y trabaja en Ibagu\u00e9, Tolima, Colombia.<\/p>\n\n\n      \n\t\t\t<div class=\"uagb-icon-wrapper uagb-block-a263bbe7      \"\n\t\t\tstyle=\"\" >\n\t\t\t\t\t\t\t\t\t<span class=\"uagb-svg-wrapper\" \n\t\t\t\t\t aria-label=\"file-pdf\"\t\t\t\t\ttabindex=\"0\">\t\t\n\t\t\t\t\t\t\t\t\t\t<a rel=\"noopener noreferrer\" href=\"http:\/\/oscarayala.com\/p\/wp-content\/uploads\/2022\/09\/Curriculum-Profesional-Web.pdf\" target=\"_blank\"><svg xmlns=\"https:\/\/www.w3.org\/2000\/svg\" viewBox= \"0 0 384 512\" role=\"graphics-symbol\" aria-hidden=\"false\" aria-label=\"\"><path d=\"M88 304H80V256H88C101.3 256 112 266.7 112 280C112 293.3 101.3 304 88 304zM192 256H200C208.8 256 216 263.2 216 272V336C216 344.8 208.8 352 200 352H192V256zM224 0V128C224 145.7 238.3 160 256 160H384V448C384 483.3 355.3 512 320 512H64C28.65 512 0 483.3 0 448V64C0 28.65 28.65 0 64 0H224zM64 224C55.16 224 48 231.2 48 240V368C48 376.8 55.16 384 64 384C72.84 384 80 376.8 80 368V336H88C118.9 336 144 310.9 144 280C144 249.1 118.9 224 88 224H64zM160 368C160 376.8 167.2 384 176 384H200C226.5 384 248 362.5 248 336V272C248 245.5 226.5 224 200 224H176C167.2 224 160 231.2 160 240V368zM288 224C279.2 224 272 231.2 272 240V368C272 376.8 279.2 384 288 384C296.8 384 304 376.8 304 368V320H336C344.8 320 352 312.8 352 304C352 295.2 344.8 288 336 288H304V256H336C344.8 256 352 248.8 352 240C352 231.2 344.8 224 336 224H288zM256 0L384 128H256V0z\"><\/path><\/svg><\/a>\n\t\t\t\t\t\t\t\t\t<\/span>\n\t\t\t\t\t\t\t<\/div>\n\t\t\t\n\n\n<p><\/p>\n\n\n\n<figure class=\"wp-block-image\"><a href=\"https:\/\/scienti.minciencias.gov.co\/cvlac\/visualizador\/generarCurriculoCv.do?cod_rh=0001466225\" target=\"_blank\" rel=\"noopener\"><img decoding=\"async\" width=\"40\" height=\"35\" src=\"http:\/\/oscarayala.com\/p\/wp-content\/uploads\/2013\/05\/cvlac-logo-e1499990285392.png\" alt=\"\" class=\"wp-image-1679\"\/><\/a><\/figure>\n\n\n\n<p><a href=\"mailto:info@oscarayala.com\" data-type=\"mailto\" data-id=\"mailto:info@oscarayala.com\">info@oscarayala.com<\/a><\/p>\n","protected":false},"excerpt":{"rendered":"<p>Oscar Ayala\u00a0inicia su trabajo en las artes en la Direcci\u00f3n Cultural Art\u00edstica de Santander \u2013 DICAS. En 1998 se traslada a la ciudad de Bogot\u00e1 D.C. para continuar sus estudios en la Escuela de Artes Pl\u00e1sticas de la Universidad Nacional de Colombia, d\u00f3nde obtiene el t\u00edtulo de grado de Maestro en Artes Pl\u00e1sticas con la&#8230;<\/p>\n","protected":false},"author":1,"featured_media":0,"parent":0,"menu_order":0,"comment_status":"closed","ping_status":"closed","template":"","meta":{"_uag_custom_page_level_css":"","_kad_post_transparent":"","_kad_post_title":"","_kad_post_layout":"default","_kad_post_sidebar_id":"","_kad_post_content_style":"","_kad_post_vertical_padding":"","_kad_post_feature":"","_kad_post_feature_position":"","_kad_post_header":false,"_kad_post_footer":false,"_kad_post_classname":"","footnotes":""},"class_list":["post-51","page","type-page","status-publish","hentry"],"uagb_featured_image_src":{"full":false,"thumbnail":false,"medium":false,"medium_large":false,"large":false,"1536x1536":false,"2048x2048":false,"slide-thumbnail":false},"uagb_author_info":{"display_name":"Oscar Ayala","author_link":"https:\/\/oscarayala.com\/p\/author\/oscarwp\/"},"uagb_comment_info":0,"uagb_excerpt":"Oscar Ayala\u00a0inicia su trabajo en las artes en la Direcci\u00f3n Cultural Art\u00edstica de Santander \u2013 DICAS. En 1998 se traslada a la ciudad de Bogot\u00e1 D.C. para continuar sus estudios en la Escuela de Artes Pl\u00e1sticas de la Universidad Nacional de Colombia, d\u00f3nde obtiene el t\u00edtulo de grado de Maestro en Artes Pl\u00e1sticas con la...","_links":{"self":[{"href":"https:\/\/oscarayala.com\/p\/wp-json\/wp\/v2\/pages\/51","targetHints":{"allow":["GET"]}}],"collection":[{"href":"https:\/\/oscarayala.com\/p\/wp-json\/wp\/v2\/pages"}],"about":[{"href":"https:\/\/oscarayala.com\/p\/wp-json\/wp\/v2\/types\/page"}],"author":[{"embeddable":true,"href":"https:\/\/oscarayala.com\/p\/wp-json\/wp\/v2\/users\/1"}],"replies":[{"embeddable":true,"href":"https:\/\/oscarayala.com\/p\/wp-json\/wp\/v2\/comments?post=51"}],"version-history":[{"count":42,"href":"https:\/\/oscarayala.com\/p\/wp-json\/wp\/v2\/pages\/51\/revisions"}],"predecessor-version":[{"id":2337,"href":"https:\/\/oscarayala.com\/p\/wp-json\/wp\/v2\/pages\/51\/revisions\/2337"}],"wp:attachment":[{"href":"https:\/\/oscarayala.com\/p\/wp-json\/wp\/v2\/media?parent=51"}],"curies":[{"name":"wp","href":"https:\/\/api.w.org\/{rel}","templated":true}]}}