{"id":955,"date":"2016-09-28T02:23:51","date_gmt":"2016-09-28T02:23:51","guid":{"rendered":"http:\/\/oscarayala.com\/?page_id=955"},"modified":"2025-11-27T01:57:01","modified_gmt":"2025-11-27T01:57:01","slug":"textos","status":"publish","type":"page","link":"https:\/\/oscarayala.com\/p\/textos\/","title":{"rendered":"Textos"},"content":{"rendered":"\t\t<div data-elementor-type=\"wp-page\" data-elementor-id=\"955\" class=\"elementor elementor-955\">\n\t\t\t\t\t\t<section class=\"elementor-section elementor-top-section elementor-element elementor-element-7db31ecd elementor-section-boxed elementor-section-height-default elementor-section-height-default\" data-id=\"7db31ecd\" data-element_type=\"section\">\n\t\t\t\t\t\t<div class=\"elementor-container elementor-column-gap-default\">\n\t\t\t\t\t<div class=\"elementor-column elementor-col-100 elementor-top-column elementor-element elementor-element-3847f0af\" data-id=\"3847f0af\" data-element_type=\"column\">\n\t\t\t<div class=\"elementor-widget-wrap elementor-element-populated\">\n\t\t\t\t\t\t<div class=\"elementor-element elementor-element-5d234000 elementor-widget elementor-widget-text-editor\" data-id=\"5d234000\" data-element_type=\"widget\" data-widget_type=\"text-editor.default\">\n\t\t\t\t<div class=\"elementor-widget-container\">\n\t\t\t\t\t\t\t\t\t<p>(2025).\u00a0<em><a href=\"https:\/\/revistas.udistrital.edu.co\/index.php\/c14\/article\/view\/22242\" target=\"_blank\" rel=\"noopener\">Arte y medios: soltar el \u2018post\u2019 para hacerlo \u2018est\u00e9reo\u2019<\/a>.<\/em>\u00a0En: Revista Calle 14: Revista de investigaci\u00f3n en el campo del arte. Academia Superior de Artes (p\u00e1gs. 110-122). Universidad Distrital Francisco Jos\u00e9 de Caldas. ISNN 2011-3757<\/p>\n<p>(2024). Con Ingrid J. Ben\u00edtez. <em><a href=\"https:\/\/repository.ut.edu.co\/handle\/001\/3879\" target=\"_blank\" rel=\"noopener\">(In)tensiones que (im)pulsan la formaci\u00f3n de artistas<\/a><\/em>. Sello Editorial Universidad del Tolima. ISBN: 978-958-509-028-6.<\/p>\n<p>(2024). <a href=\"https:\/\/diversidadcultural.unju.edu.ar\/sistema\/art_originales\/6.%20Oscar%20Ayala%20-%20BUSCANDO%20UN%20ARTE%20PRESENTE.pdf\" target=\"_blank\" rel=\"noreferrer noopener\"><em>Buscando un arte en presente.<\/em><\/a> En: Revista Diversidad de las Culturas. (p\u00e1gs. 96-111). Facultad de Humanidades y Ciencias Sociales &#8211; Universidad Nacional de Jujuy. ISNN 2718-8310<\/p>\n<p><!-- \/wp:paragraph --><!-- wp:paragraph --><\/p>\n<p>(2023). <em><a href=\"https:\/\/colectivoartecultura.org\/instrucciones-de-uso-agitese-antes-de-usar\/\" target=\"_blank\" rel=\"noreferrer noopener\">Instrucciones de uso: Ag\u00edtese antes de usar<\/a>.<\/em> Sello Editorial Universidad del Tolima. ISBN: 978-958-5151-66-6.<\/p>\n<p><!-- \/wp:paragraph --><!-- wp:paragraph --><\/p>\n<p>(2022). Con Ingrid J. Ben\u00edtez y M\u00f3nica Marcell Romero. <a href=\"https:\/\/www.insea.org\/wp-content\/uploads\/2023\/04\/EBOOK-CUSCO-2021.pdf\" target=\"_blank\" rel=\"noreferrer noopener\"><em>Resistencias a la copia, sampleando la colonia. Rasgos y gestos de-coloniales en la educaci\u00f3n art\u00edstica universitaria<\/em><\/a>. En: Grietas y provocaciones. Congreso Regional INSEA Am\u00e9rica Latina 2021 Cusco \/ Per\u00fa. (p\u00e1gs. 290-300). InSEA Publications Viseu. ISBN 978-989-53600-3-1. DOI: 10.24981\/2022-GPCUSCO<\/p>\n<p><!-- \/wp:paragraph --><!-- wp:paragraph --><\/p>\n<p>(2022). <a href=\"http:\/\/repositorio.unae.edu.ec\/handle\/56000\/2291\"><em>Meditaci\u00f3n breve sobre la t\u00e9cnica: crear\/aprender desde lo abstracto a lo concreto<\/em><\/a>. En: Pedagog\u00edas de las artes y humanidades: praxis, investigaci\u00f3n e interculturalidad. (p\u00e1gs. 113-121). Editorial UNAE. ISBN 978-9942-783-78-3<\/p>\n<p><!-- \/wp:paragraph --><!-- wp:paragraph --><\/p>\n<p>(2022). Con Ingrid J. Ben\u00edtez. <em><a href=\"http:\/\/repositorio.unae.edu.ec\/handle\/56000\/2295\">Buena Copia \/ Mala Copia. (In)tensiones que (im)pulsan la formaci\u00f3n de artistas<\/a>.<\/em> En: Pedagog\u00edas de las artes y humanidades: praxis, investigaci\u00f3n e interculturalidad. (p\u00e1gs. 149-158). Editorial UNAE. ISBN 978-9942-783-78-3<\/p>\n<p><!-- \/wp:paragraph --><!-- wp:paragraph --><\/p>\n<p>(2020). <a href=\"http:\/\/repository.ut.edu.co\/handle\/001\/3297\"><em>Especulaciones (fant\u00e1sticas) sobre el capitalismo en el arte o c\u00f3mo capitalizar el arte (ahora)<\/em><\/a>. En: Itinerarios de un colectivo de investigaci\u00f3n en torno al arte y la cultura: Reflexiones y apuestas investigativas. Sello Editorial Universidad del Tolima. ISBN versi\u00f3n digital: 978-958-5151-50-5<\/p>\n<p><!-- \/wp:paragraph --><!-- wp:paragraph --><\/p>\n<p>(2020). Con Jorge Wilson G\u00f3mez-Agudelo. <em><a href=\"http:\/\/repository.ut.edu.co\/handle\/001\/3297\">Campos epist\u00e9micos, l\u00ednea de investigaci\u00f3n y m\u00e9todos de indagaci\u00f3n<\/a>.<\/em> En: Itinerarios de un colectivo de investigaci\u00f3n en torno al arte y la cultura: Reflexiones y apuestas investigativas. Sello Editorial Universidad del Tolima. ISBN versi\u00f3n digital: 978-958-5151-50-5<\/p>\n<p><!-- \/wp:paragraph --><!-- wp:paragraph --><\/p>\n<p>(2020). Con Ingrid J. Ben\u00edtez; Pierre Edinsson D\u00edaz Pomar; Jorge Wilson G\u00f3mez-Agudelo. <a href=\"http:\/\/repository.ut.edu.co\/handle\/001\/3297\"><em>Un seminario permanente para configurar \u00ablo com\u00fan\u00bb en lo \u00abheterog\u00e9neo\u00bb<\/em><\/a>. En: Itinerarios de un colectivo de investigaci\u00f3n en torno al arte y la cultura: Reflexiones y apuestas investigativas. Sello Editorial Universidad del Tolima. ISBN versi\u00f3n digital: 978-958-5151-50-5<\/p>\n<p><!-- \/wp:paragraph --><!-- wp:paragraph --><\/p>\n<p>(2019). Con Ingrid J Ben\u00edtez. <a href=\"http:\/\/estudiossobrearteactual.com\/1331-2\/\" target=\"_blank\" rel=\"noopener noreferrer\"><i>Comprender-se al crear. Acompa\u00f1amiento a trayectorias de creaci\u00f3n de artistas en formaci\u00f3n<\/i><\/a>. En: Revista sobre Arte Actual No. 7.\u00a0 Grupo de Investigaci\u00f3n TAC &#8211; Talleres de Acciones Creativas, Universidad de La Laguna, Espa\u00f1a. ISSN 2340-6062<\/p>\n<p><!-- \/wp:paragraph --><!-- wp:paragraph --><\/p>\n<p>(2016). <a href=\"https:\/\/www.academia.edu\/25375170\/Apertura_y_abertura_el_aparato_t%C3%A9cnico_de_la_imagen\" target=\"_blank\" rel=\"noopener noreferrer\"><em>Apertura y abertura:\u00a0<\/em><em>El aparato (t\u00e9cnico) de la imagen<\/em><\/a>. (Ponencia). Mesa A: Interelaci\u00f3n dise\u00f1o, arte, ciencia y tecnolog\u00eda. XIII Foro Acad\u00e9mico de Dise\u00f1o, XV\u00a0Festival de la Imagen, Departamento de Dise\u00f1o Visual, Universidad de Caldas.<\/p>\n<p><!-- \/wp:paragraph --><!-- wp:paragraph --><\/p>\n<p>(2016).\u00a0<a href=\"http:\/\/oscarayala.com\/blog\/?p=735\" target=\"_blank\" rel=\"noopener noreferrer\"><em>(El) Estado de las cosas<\/em>.<\/a> En: Aspu Presente No. 5. Ibagu\u00e9: Asociaci\u00f3n Sindical de Profesores Universitarios Seccional Tolima.\u00a0A\u00f1o 3 Volumen 5. ISSN: 2422-2720.<\/p>\n<p><!-- \/wp:paragraph --><!-- wp:paragraph --><\/p>\n<p>(2014).\u00a0<a href=\"https:\/\/www.academia.edu\/20420477\/Im%C3%A1genes_Dispositivos_T%C3%A9cnica_De_Sujeci%C3%B3n\" target=\"_blank\" rel=\"noopener noreferrer\"><em>Im\u00e1genes, dispositivos:\u00a0<\/em>T\u00e9cnica\u00a0<em>de sujecci\u00f3n<\/em>.<\/a> (Ponencia). Mesa A: Interelaci\u00f3n dise\u00f1o, arte, ciencia y tecnolog\u00eda. XI Foro Acad\u00e9mico de Dise\u00f1o, XII Festival de la Imagen, Departamento de Dise\u00f1o Visual, Universidad de Caldas.<\/p>\n<p><!-- \/wp:paragraph --><!-- wp:paragraph --><\/p>\n<p>(2014). <a href=\"http:\/\/cabodostrabalhos.ces.uc.pt\/n10\/documentos\/9.3.3_Oscar_J._Ayala_S.pdf\" target=\"_blank\" rel=\"noopener noreferrer\"><em>Alguien \/ Alg\u00fan lugar. Un tiempo para la contemplaci\u00f3n<\/em><\/a>. En: Revista Cabo dos Trabalhos No. 10. Coimbra: Centro de Estudios Sociales, Facultad de Econom\u00eda, Universidad de Coimbra.\u00a0ISSN 2182-9187<\/p>\n<p><!-- \/wp:paragraph --><!-- wp:paragraph --><\/p>\n<p>(2013). <em>Haciendo a\u00f1os: Arte &#8211; educaci\u00f3n o la permanencia del preguntar. <\/em>En: Reflexiones y contextos de la educaci\u00f3n art\u00edstica en Colombia. (p\u00e1gs. 68-72). Especializaci\u00f3n en Educaci\u00f3n Art\u00edstica Integral, Maestr\u00eda en Educaci\u00f3n Art\u00edstica, Facultad de Artes, Universidad Nacional de Colombia sede Bogot\u00e1. ISBN 978-958-761-366-7<\/p>\n<p><!-- \/wp:paragraph --><!-- wp:paragraph --><\/p>\n<p>(2013). <a href=\"https:\/\/www.academia.edu\/28726066\/Corriendo_a_los_brazos_de_la_educaci%C3%B3n_para_estar_sanos_y_salvos._Breve_escarceo_por_el_dispositivo_de_la_educaci%C3%B3n\" target=\"_blank\" rel=\"noopener noreferrer\"><em>Corriendo a los brazos de la educaci\u00f3n para estar &#8216;sanos y salvos&#8217;. Breve escarceo por el dispositivo de la educaci\u00f3n.\u00a0<\/em><\/a>(Workpaper).<\/p>\n<p><!-- \/wp:paragraph --><!-- wp:paragraph --><\/p>\n<p>(2013). <a class=\"js-work-strip-work-link text-gray-darker\" href=\"https:\/\/www.academia.edu\/28726098\/Cuando_el_arte_y_la_educaci%C3%B3n_se_encuentran_para_estar_perdidos._Comentarios_a_partir_del_libro_Missing_una_investigaci%C3%B3n_de_Alberto_Fuguet\" target=\"_blank\" rel=\"noopener noreferrer\">Cuando el arte y la educaci\u00f3n se encuentran para estar perdidos. Comentarios a partir del libro \u2018Missing (una investigaci\u00f3n)\u2019 de Alberto Fuguet<\/a>. (Workpaper).<\/p>\n<p><!-- \/wp:paragraph --><!-- wp:paragraph --><\/p>\n<p>(2012). Con\u00a0Camacho, Alix.\u00a0<a href=\"https:\/\/www.academia.edu\/9000964\/_Ejercicios_de_montaje_s_y_de_posici%C3%B3n_es_Toma_No._1_Workpaper_\" target=\"_blank\" rel=\"noopener noreferrer\"><i>( Ejercicios de montaje(s) y de posici\u00f3n(es) ) Toma No. 1.<\/i><\/a> (Workpaper).<\/p>\n<p><!-- \/wp:paragraph --><\/p>\t\t\t\t\t\t\t\t<\/div>\n\t\t\t\t<\/div>\n\t\t\t\t\t<\/div>\n\t\t<\/div>\n\t\t\t\t\t<\/div>\n\t\t<\/section>\n\t\t\t\t<\/div>\n\t\t","protected":false},"excerpt":{"rendered":"<p>(2025).\u00a0Arte y medios: soltar el \u2018post\u2019 para hacerlo \u2018est\u00e9reo\u2019.\u00a0En: Revista Calle 14: Revista de investigaci\u00f3n en el campo del arte. Academia Superior de Artes (p\u00e1gs. 110-122). Universidad Distrital Francisco Jos\u00e9 de Caldas. ISNN 2011-3757 (2024). Con Ingrid J. Ben\u00edtez. (In)tensiones que (im)pulsan la formaci\u00f3n de artistas. Sello Editorial Universidad del Tolima. ISBN: 978-958-509-028-6. (2024). Buscando&#8230;<\/p>\n","protected":false},"author":1,"featured_media":0,"parent":0,"menu_order":0,"comment_status":"closed","ping_status":"closed","template":"","meta":{"_uag_custom_page_level_css":"","_kad_post_transparent":"","_kad_post_title":"","_kad_post_layout":"","_kad_post_sidebar_id":"","_kad_post_content_style":"","_kad_post_vertical_padding":"","_kad_post_feature":"","_kad_post_feature_position":"","_kad_post_header":false,"_kad_post_footer":false,"_kad_post_classname":"","footnotes":""},"class_list":["post-955","page","type-page","status-publish","hentry"],"uagb_featured_image_src":{"full":false,"thumbnail":false,"medium":false,"medium_large":false,"large":false,"1536x1536":false,"2048x2048":false,"slide-thumbnail":false},"uagb_author_info":{"display_name":"Oscar Ayala","author_link":"https:\/\/oscarayala.com\/p\/author\/oscarwp\/"},"uagb_comment_info":0,"uagb_excerpt":"(2025).\u00a0Arte y medios: soltar el \u2018post\u2019 para hacerlo \u2018est\u00e9reo\u2019.\u00a0En: Revista Calle 14: Revista de investigaci\u00f3n en el campo del arte. Academia Superior de Artes (p\u00e1gs. 110-122). Universidad Distrital Francisco Jos\u00e9 de Caldas. ISNN 2011-3757 (2024). Con Ingrid J. Ben\u00edtez. (In)tensiones que (im)pulsan la formaci\u00f3n de artistas. Sello Editorial Universidad del Tolima. ISBN: 978-958-509-028-6. (2024). Buscando...","_links":{"self":[{"href":"https:\/\/oscarayala.com\/p\/wp-json\/wp\/v2\/pages\/955","targetHints":{"allow":["GET"]}}],"collection":[{"href":"https:\/\/oscarayala.com\/p\/wp-json\/wp\/v2\/pages"}],"about":[{"href":"https:\/\/oscarayala.com\/p\/wp-json\/wp\/v2\/types\/page"}],"author":[{"embeddable":true,"href":"https:\/\/oscarayala.com\/p\/wp-json\/wp\/v2\/users\/1"}],"replies":[{"embeddable":true,"href":"https:\/\/oscarayala.com\/p\/wp-json\/wp\/v2\/comments?post=955"}],"version-history":[{"count":34,"href":"https:\/\/oscarayala.com\/p\/wp-json\/wp\/v2\/pages\/955\/revisions"}],"predecessor-version":[{"id":2426,"href":"https:\/\/oscarayala.com\/p\/wp-json\/wp\/v2\/pages\/955\/revisions\/2426"}],"wp:attachment":[{"href":"https:\/\/oscarayala.com\/p\/wp-json\/wp\/v2\/media?parent=955"}],"curies":[{"name":"wp","href":"https:\/\/api.w.org\/{rel}","templated":true}]}}